{"id":2069,"date":"2023-10-13T20:32:56","date_gmt":"2023-10-13T20:32:56","guid":{"rendered":"https:\/\/dornsife.usc.edu\/levan-institute\/?page_id=2069"},"modified":"2025-08-19T18:17:29","modified_gmt":"2025-08-19T18:17:29","slug":"2022-2023-visiting-professor-at-dornsife","status":"publish","type":"page","link":"https:\/\/dornsife.usc.edu\/levan-institute\/programs\/global-collaborations\/usc-dornsife-ehess-partnership\/2022-2023-visiting-professor-at-dornsife\/","title":{"rendered":"2022\u201323 Visiting Professor at Dornsife"},"content":{"rendered":"\n\n\n\n  \n    \n\n\n\n\n\n\n<div\n  class=\"cc--component-container cc--rich-text \"\n\n  \n  \n  \n  \n  \n  \n  >\n  <div class=\"c--component c--rich-text\"\n    \n      >\n\n    \n      \n<div class=\"f--field f--wysiwyg\">\n\n    \n  <h1><img loading=\"lazy\" decoding=\"async\" class=\"size-medium wp-image-844 alignleft\" src=\"https:\/\/dornsife.usc.edu\/levan-institute\/wp-content\/uploads\/sites\/104\/2023\/06\/photo_sourire_petit_09-240x300.jpg\" alt=\"\" width=\"200\" height=\"300\" \/>Fr\u00e9d\u00e9ric Keck<\/h1>\n<p>Professor Fr\u00e9d\u00e9ric Keck of the <em>\u00c9cole des hautes \u00e9tudes en sciences sociales<\/em> was the 2022\u201323 Dornsife-EHESS Visiting Professor at USC, in residence starting March 2023. Fr\u00e9d\u00e9ric Keck is Professor (<i><em>directeur de recherche<\/em><\/i>) at the CNRS, affiliated with the Laboratoire D\u2019anthropologie Sociale at the EHESS. Keck studied philosophy at the Ecole Normale Sup\u00e9rieure and anthropology at the University of California, Berkeley. He has published on the history of French anthropology in its relations with philosophy, particularly Comte, L\u00e9vy-Bruhl, Durkheim, Bergson, and L\u00e9vi-Strauss. Keck\u2019s work sits at the crossroads of the history of science, the sociology of risk, and the anthropology of nature, with particular interests in standards of\u00a0\u201cbiosecurity\u201d\u00a0applied to humans and animals and to the forms of anticipation they produce with regard to health and ecological disasters.\u00a0After joining the CNRS in 2005, Keck carried out ethnographic surveys on health crises linked to animal diseases: BSE, SARS, \u201cavian\u201d and \u201cswine\u201d flu.\u00a0 He was a laureate of the Fyssen Foundation in 2007, a CNRS bronze medalist in 2011, a fellow of the Canadian Institute for Advanced Research in 2015, and served as head of the research and teaching department of the mus\u00e9e du quai Branly (2014-2018) and director of the Social Anthropology Laboratory (2019-2020).<\/p>\n<p>Professor Keck is being hosted by the <a href=\"https:\/\/dornsife.usc.edu\/stpl\/\">Center on Science, Technology, and Public Life<\/a>, which has organized the following programs as part of the visit:<\/p>\n<ul>\n<li><strong>\u201cPlanetary Health\u201d<\/strong><br \/>\n<em>Friday, March 24<\/em><br \/>\nInvited workshop co-sponsored by the Berggruen Institute.<\/li>\n<li><b><strong>\u201cThe Visual Culture of Microbes\u201d<br \/>\n<\/strong><\/b><a href=\"https:\/\/calendar.usc.edu\/event\/the_visual_culture_of_microbes#.Y-_Mm-zMLAM\"><i><em>Thursday, March 30, 12:30-1:45 pm<\/em><\/i><\/a><br \/>\nPublic event co-sponsored by the Visual Studies Research Institute.<\/li>\n<li><b><strong>\u201cRumors of Biosecurity: from the Pandemic in China to the War in Ukraine\u201d<br \/>\n<\/strong><\/b><i><em><a href=\"https:\/\/calendar.usc.edu\/event\/rumors_of_biosecurity_from_the_pandemic_in_china_to_the_war_in_ukraine?utm_campaign=widget&amp;utm_medium=widget&amp;utm_source=USC+Event+Calendar\">Monday, April 10, 12:00-1:30 pm<\/a><\/em><\/i><br \/>\nPublic lecture co-sponsored by the USC Anthropology Department.<\/li>\n<li><strong>Observing Birdwatchers<\/strong><br \/>\n<em>Friday \u2013 Saturday, April 21-22<\/em><br \/>\nField trip to the Owens Valley to coincide with the annual <b><strong>\u201c<\/strong><\/b>Bird Festival,<b><strong>\u201d<\/strong><\/b> in collaboration with the 2022\u201323 Mellon Sawyer seminar, <b><strong>\u201c<\/strong><\/b>Precarious Ecologies.<b><strong>\u201d<\/strong><\/b><\/li>\n<\/ul>\n\n\n\n<\/div>\n\n\n  <\/div><\/div>\n\n\n\n\n  \n    \n\n\n\n\n\n\n<div\n  class=\"cc--component-container cc--rich-text \"\n\n  \n  \n  \n  \n  \n  \n  >\n  <div class=\"c--component c--rich-text\"\n    \n      >\n\n    \n      \n<div class=\"f--field f--wysiwyg\">\n\n    \n  <p style=\"text-align: center; font-size: 16px;\"><em>Header image: \u201cLe Plus Grand Reseau du Monde,\u201d Lucien Boucher,<\/br> Air France, 1964, David Rumsey Map Center<\/em><\/p>\n\n\n\n<\/div>\n\n\n  <\/div><\/div>\n\n\n\n  \n    \n\n  \n    \n\n\n\n\n\n\n<div\n  class=\"cc--component-container cc--two-column-ctas \"\n\n  \n  \n  \n  \n  \n  \n  >\n  <div class=\"c--component c--two-column-ctas\"\n    \n      >\n\n    \n      <div class=\"group\">\n\n                  \n<div class=\"f--field f--section-title\">\n\n    \n  <h2>\n          Levan Newsletter\n      <\/h2>\n\n\n<\/div>\n      \n              <ul>\n                      <li>\n                  \n<div class=\"f--field f--link\">\n\n    \n    \n  \n<a \n  class=\"link\"\n  href= https:\/\/app.e2ma.net\/app2\/audience\/signup\/1930425\/33774\/\n  target=\"_blank\"  aria-label=\"Read more about Sign up to receive news of funding opportunities and upcoming humanities events.\"  \n>\n    Sign up to receive news of funding opportunities and upcoming humanities events. \n  <svg version=\"1.1\" xmlns=\"http:\/\/www.w3.org\/2000\/svg\" xmlns:xlink=\"http:\/\/www.w3.org\/1999\/xlink\" x=\"0px\" y=\"0px\" viewBox=\"0 0 35 35\" enable-background=\"new 0 0 35 35\" width=\"25\" height=\"25\" xml:space=\"preserve\"><polygon fill-rule=\"evenodd\" clip-rule=\"evenodd\" fill=\"#000\" points=\"19.3,27.5 29.3,17.5,19.3,7.5 16.3,10.4 21.4,15.4 6.7,15.4 6.7,19.6 21.4,19.6 16.3,24.6 \"\/><\/svg>\n<\/a>\n\n\n<\/div>\n            <\/li>\n                  <\/ul>\n      \n    <\/div>\n      <div class=\"group\">\n\n                  \n<div class=\"f--field f--section-title\">\n\n    \n  <h2>\n          Calendars\n      <\/h2>\n\n\n<\/div>\n      \n              <ul>\n                      <li>\n                  \n<div class=\"f--field f--link\">\n\n    \n    \n  \n<a \n  class=\"link\"\n  href= https:\/\/dornsife.usc.edu\/levan-institute\/events\/upcoming-events\/\n    aria-label=\"Read more about Levan Institute Events\"  \n>\n    Levan Institute Events \n  <svg version=\"1.1\" xmlns=\"http:\/\/www.w3.org\/2000\/svg\" xmlns:xlink=\"http:\/\/www.w3.org\/1999\/xlink\" x=\"0px\" y=\"0px\" viewBox=\"0 0 35 35\" enable-background=\"new 0 0 35 35\" width=\"25\" height=\"25\" xml:space=\"preserve\"><polygon fill-rule=\"evenodd\" clip-rule=\"evenodd\" fill=\"#000\" points=\"19.3,27.5 29.3,17.5,19.3,7.5 16.3,10.4 21.4,15.4 6.7,15.4 6.7,19.6 21.4,19.6 16.3,24.6 \"\/><\/svg>\n<\/a>\n\n\n<\/div>\n            <\/li>\n                      <li>\n                  \n<div class=\"f--field f--link\">\n\n    \n    \n  \n<a \n  class=\"link\"\n  href= https:\/\/dornsife.usc.edu\/levan-institute\/campus-humanities-calendar\/\n    aria-label=\"Read more about Campus Humanities Events\"  \n>\n    Campus Humanities Events \n  <svg version=\"1.1\" xmlns=\"http:\/\/www.w3.org\/2000\/svg\" xmlns:xlink=\"http:\/\/www.w3.org\/1999\/xlink\" x=\"0px\" y=\"0px\" viewBox=\"0 0 35 35\" enable-background=\"new 0 0 35 35\" width=\"25\" height=\"25\" xml:space=\"preserve\"><polygon fill-rule=\"evenodd\" clip-rule=\"evenodd\" fill=\"#000\" points=\"19.3,27.5 29.3,17.5,19.3,7.5 16.3,10.4 21.4,15.4 6.7,15.4 6.7,19.6 21.4,19.6 16.3,24.6 \"\/><\/svg>\n<\/a>\n\n\n<\/div>\n            <\/li>\n                  <\/ul>\n      \n    <\/div>\n  \n\n  <\/div><\/div>\n\n\n      \n  \n    \n\n\n\n\n\n\n<div\n  class=\"cc--component-container cc--contact-details \"\n\n  \n  \n  \n  \n  \n  \n  >\n  <div class=\"c--component c--contact-details\"\n    \n      >\n\n    \n  <div class=\"inner-wrapper\">\n\n          <div class=\"header-container\">\n\n                      \n<div class=\"f--field f--section-title\">\n\n    \n  <h2>\n          Contact Us\n      <\/h2>\n\n\n<\/div>\n        \n        \n      <\/div>\n    \n    \n      <div class=\"contacts-container\">\n\n        \n                      <div class=\"contact-card\">\n\n                              <h3>Office<\/h3>\n              \n                                  \n<div class=\"f--field f--description\">\n\n    \n  <p>3501 Trousdale Parkway<br \/>\nTHH 348<br \/>\nLos Angeles, CA 90089<\/p>\n\n\n\n<\/div>\n              \n                              <div class=\"f--phone\">\n                  <a href=\"tel:(213) 740-0009\">(213) 740-0009<\/a>\n                <\/div>\n              \n                              <div class=\"f--email\">\n                  <a href=\"mailto:usclevan@dornsife.usc.edu\">usclevan@dornsife.usc.edu<\/a>\n                <\/div>\n              \n            <\/div>\n                    \n                      <div class=\"contact-card\">\n\n                              <h3>Staff<\/h3>\n              \n                                  \n<div class=\"f--field f--description\">\n\n    \n  <p>Director: Rebecca Lemon<br \/>\nAssociate Director: Zachary M. Mann<\/p>\n\n\n\n<\/div>\n              \n              \n              \n            <\/div>\n                    \n                      <div class=\"contact-card\">\n\n              \n                                  \n<div class=\"f--field f--description\">\n\n    \n  <p><img decoding=\"async\" src=\"https:\/\/dornsife.usc.edu\/levan-institute\/wp-content\/uploads\/sites\/104\/2023\/06\/LevanLogo_L.png\" alt=\"Levan Logo\" \/><\/p>\n\n\n\n<\/div>\n              \n              \n              \n            <\/div>\n                    \n      <\/div>\n\n        \n     \n    \n  <\/div>\n\n\n  <\/div><\/div>\n","protected":false},"excerpt":{"rendered":"","protected":false},"author":134,"featured_media":810,"parent":485,"menu_order":0,"comment_status":"closed","ping_status":"closed","template":"","meta":{"_acf_changed":false,"footnotes":""},"class_list":["post-2069","page","type-page","status-publish","has-post-thumbnail","hentry"],"acf":[],"yoast_head":"<!-- This site is optimized with the Yoast SEO plugin v27.1.1 - https:\/\/yoast.com\/product\/yoast-seo-wordpress\/ -->\n<title>2022\u201323 Visiting Professor at Dornsife - Levan Institute for the Humanities<\/title>\n<meta name=\"robots\" content=\"index, follow, max-snippet:-1, max-image-preview:large, max-video-preview:-1\" \/>\n<link rel=\"canonical\" href=\"https:\/\/dornsife.usc.edu\/levan-institute\/programs\/global-collaborations\/usc-dornsife-ehess-partnership\/2022-2023-visiting-professor-at-dornsife\/\" \/>\n<meta property=\"og:locale\" content=\"en_US\" \/>\n<meta property=\"og:type\" content=\"article\" \/>\n<meta property=\"og:title\" content=\"2022\u201323 Visiting Professor at Dornsife - Levan Institute for the Humanities\" \/>\n<meta property=\"og:url\" content=\"https:\/\/dornsife.usc.edu\/levan-institute\/programs\/global-collaborations\/usc-dornsife-ehess-partnership\/2022-2023-visiting-professor-at-dornsife\/\" \/>\n<meta property=\"og:site_name\" content=\"Levan Institute for the Humanities\" \/>\n<meta property=\"article:modified_time\" content=\"2025-08-19T18:17:29+00:00\" \/>\n<meta property=\"og:image\" content=\"https:\/\/dornsife.usc.edu\/levan-institute\/wp-content\/uploads\/sites\/104\/2023\/06\/10284009-scaled.jpg\" \/>\n\t<meta property=\"og:image:width\" content=\"2560\" \/>\n\t<meta property=\"og:image:height\" content=\"1790\" \/>\n\t<meta property=\"og:image:type\" content=\"image\/jpeg\" \/>\n<meta name=\"twitter:card\" content=\"summary_large_image\" \/>\n<script type=\"application\/ld+json\" class=\"yoast-schema-graph\">{\"@context\":\"https:\/\/schema.org\",\"@graph\":[{\"@type\":\"WebPage\",\"@id\":\"https:\/\/dornsife.usc.edu\/levan-institute\/programs\/global-collaborations\/usc-dornsife-ehess-partnership\/2022-2023-visiting-professor-at-dornsife\/\",\"url\":\"https:\/\/dornsife.usc.edu\/levan-institute\/programs\/global-collaborations\/usc-dornsife-ehess-partnership\/2022-2023-visiting-professor-at-dornsife\/\",\"name\":\"2022\u201323 Visiting Professor at Dornsife - Levan Institute for the Humanities\",\"isPartOf\":{\"@id\":\"https:\/\/dornsife.usc.edu\/levan-institute\/#website\"},\"primaryImageOfPage\":{\"@id\":\"https:\/\/dornsife.usc.edu\/levan-institute\/programs\/global-collaborations\/usc-dornsife-ehess-partnership\/2022-2023-visiting-professor-at-dornsife\/#primaryimage\"},\"image\":{\"@id\":\"https:\/\/dornsife.usc.edu\/levan-institute\/programs\/global-collaborations\/usc-dornsife-ehess-partnership\/2022-2023-visiting-professor-at-dornsife\/#primaryimage\"},\"thumbnailUrl\":\"https:\/\/dornsife.usc.edu\/levan-institute\/wp-content\/uploads\/sites\/104\/2023\/06\/10284009-scaled.jpg\",\"datePublished\":\"2023-10-13T20:32:56+00:00\",\"dateModified\":\"2025-08-19T18:17:29+00:00\",\"breadcrumb\":{\"@id\":\"https:\/\/dornsife.usc.edu\/levan-institute\/programs\/global-collaborations\/usc-dornsife-ehess-partnership\/2022-2023-visiting-professor-at-dornsife\/#breadcrumb\"},\"inLanguage\":\"en-US\",\"potentialAction\":[{\"@type\":\"ReadAction\",\"target\":[\"https:\/\/dornsife.usc.edu\/levan-institute\/programs\/global-collaborations\/usc-dornsife-ehess-partnership\/2022-2023-visiting-professor-at-dornsife\/\"]}]},{\"@type\":\"ImageObject\",\"inLanguage\":\"en-US\",\"@id\":\"https:\/\/dornsife.usc.edu\/levan-institute\/programs\/global-collaborations\/usc-dornsife-ehess-partnership\/2022-2023-visiting-professor-at-dornsife\/#primaryimage\",\"url\":\"https:\/\/dornsife.usc.edu\/levan-institute\/wp-content\/uploads\/sites\/104\/2023\/06\/10284009-scaled.jpg\",\"contentUrl\":\"https:\/\/dornsife.usc.edu\/levan-institute\/wp-content\/uploads\/sites\/104\/2023\/06\/10284009-scaled.jpg\",\"width\":2560,\"height\":1790},{\"@type\":\"BreadcrumbList\",\"@id\":\"https:\/\/dornsife.usc.edu\/levan-institute\/programs\/global-collaborations\/usc-dornsife-ehess-partnership\/2022-2023-visiting-professor-at-dornsife\/#breadcrumb\",\"itemListElement\":[{\"@type\":\"ListItem\",\"position\":1,\"name\":\"Home\",\"item\":\"https:\/\/dornsife.usc.edu\/levan-institute\/\"},{\"@type\":\"ListItem\",\"position\":2,\"name\":\"Programs\",\"item\":\"https:\/\/dornsife.usc.edu\/levan-institute\/programs\/\"},{\"@type\":\"ListItem\",\"position\":3,\"name\":\"Global Collaborations\",\"item\":\"https:\/\/dornsife.usc.edu\/levan-institute\/programs\/global-collaborations\/\"},{\"@type\":\"ListItem\",\"position\":4,\"name\":\"Dornsife-EHESS Partnership\",\"item\":\"https:\/\/dornsife.usc.edu\/levan-institute\/programs\/global-collaborations\/usc-dornsife-ehess-partnership\/\"},{\"@type\":\"ListItem\",\"position\":5,\"name\":\"2022\u201323 Visiting Professor at Dornsife\"}]},{\"@type\":\"WebSite\",\"@id\":\"https:\/\/dornsife.usc.edu\/levan-institute\/#website\",\"url\":\"https:\/\/dornsife.usc.edu\/levan-institute\/\",\"name\":\"Levan Institute for the Humanities\",\"description\":\"USC Dornsife Levan Institute for the Humanities\",\"potentialAction\":[{\"@type\":\"SearchAction\",\"target\":{\"@type\":\"EntryPoint\",\"urlTemplate\":\"https:\/\/dornsife.usc.edu\/levan-institute\/?s={search_term_string}\"},\"query-input\":{\"@type\":\"PropertyValueSpecification\",\"valueRequired\":true,\"valueName\":\"search_term_string\"}}],\"inLanguage\":\"en-US\"}]}<\/script>\n<!-- \/ Yoast SEO plugin. -->","yoast_head_json":{"title":"2022\u201323 Visiting Professor at Dornsife - Levan Institute for the Humanities","robots":{"index":"index","follow":"follow","max-snippet":"max-snippet:-1","max-image-preview":"max-image-preview:large","max-video-preview":"max-video-preview:-1"},"canonical":"https:\/\/dornsife.usc.edu\/levan-institute\/programs\/global-collaborations\/usc-dornsife-ehess-partnership\/2022-2023-visiting-professor-at-dornsife\/","og_locale":"en_US","og_type":"article","og_title":"2022\u201323 Visiting Professor at Dornsife - Levan Institute for the Humanities","og_url":"https:\/\/dornsife.usc.edu\/levan-institute\/programs\/global-collaborations\/usc-dornsife-ehess-partnership\/2022-2023-visiting-professor-at-dornsife\/","og_site_name":"Levan Institute for the Humanities","article_modified_time":"2025-08-19T18:17:29+00:00","og_image":[{"width":2560,"height":1790,"url":"https:\/\/dornsife.usc.edu\/levan-institute\/wp-content\/uploads\/sites\/104\/2023\/06\/10284009-scaled.jpg","type":"image\/jpeg"}],"twitter_card":"summary_large_image","schema":{"@context":"https:\/\/schema.org","@graph":[{"@type":"WebPage","@id":"https:\/\/dornsife.usc.edu\/levan-institute\/programs\/global-collaborations\/usc-dornsife-ehess-partnership\/2022-2023-visiting-professor-at-dornsife\/","url":"https:\/\/dornsife.usc.edu\/levan-institute\/programs\/global-collaborations\/usc-dornsife-ehess-partnership\/2022-2023-visiting-professor-at-dornsife\/","name":"2022\u201323 Visiting Professor at Dornsife - Levan Institute for the Humanities","isPartOf":{"@id":"https:\/\/dornsife.usc.edu\/levan-institute\/#website"},"primaryImageOfPage":{"@id":"https:\/\/dornsife.usc.edu\/levan-institute\/programs\/global-collaborations\/usc-dornsife-ehess-partnership\/2022-2023-visiting-professor-at-dornsife\/#primaryimage"},"image":{"@id":"https:\/\/dornsife.usc.edu\/levan-institute\/programs\/global-collaborations\/usc-dornsife-ehess-partnership\/2022-2023-visiting-professor-at-dornsife\/#primaryimage"},"thumbnailUrl":"https:\/\/dornsife.usc.edu\/levan-institute\/wp-content\/uploads\/sites\/104\/2023\/06\/10284009-scaled.jpg","datePublished":"2023-10-13T20:32:56+00:00","dateModified":"2025-08-19T18:17:29+00:00","breadcrumb":{"@id":"https:\/\/dornsife.usc.edu\/levan-institute\/programs\/global-collaborations\/usc-dornsife-ehess-partnership\/2022-2023-visiting-professor-at-dornsife\/#breadcrumb"},"inLanguage":"en-US","potentialAction":[{"@type":"ReadAction","target":["https:\/\/dornsife.usc.edu\/levan-institute\/programs\/global-collaborations\/usc-dornsife-ehess-partnership\/2022-2023-visiting-professor-at-dornsife\/"]}]},{"@type":"ImageObject","inLanguage":"en-US","@id":"https:\/\/dornsife.usc.edu\/levan-institute\/programs\/global-collaborations\/usc-dornsife-ehess-partnership\/2022-2023-visiting-professor-at-dornsife\/#primaryimage","url":"https:\/\/dornsife.usc.edu\/levan-institute\/wp-content\/uploads\/sites\/104\/2023\/06\/10284009-scaled.jpg","contentUrl":"https:\/\/dornsife.usc.edu\/levan-institute\/wp-content\/uploads\/sites\/104\/2023\/06\/10284009-scaled.jpg","width":2560,"height":1790},{"@type":"BreadcrumbList","@id":"https:\/\/dornsife.usc.edu\/levan-institute\/programs\/global-collaborations\/usc-dornsife-ehess-partnership\/2022-2023-visiting-professor-at-dornsife\/#breadcrumb","itemListElement":[{"@type":"ListItem","position":1,"name":"Home","item":"https:\/\/dornsife.usc.edu\/levan-institute\/"},{"@type":"ListItem","position":2,"name":"Programs","item":"https:\/\/dornsife.usc.edu\/levan-institute\/programs\/"},{"@type":"ListItem","position":3,"name":"Global Collaborations","item":"https:\/\/dornsife.usc.edu\/levan-institute\/programs\/global-collaborations\/"},{"@type":"ListItem","position":4,"name":"Dornsife-EHESS Partnership","item":"https:\/\/dornsife.usc.edu\/levan-institute\/programs\/global-collaborations\/usc-dornsife-ehess-partnership\/"},{"@type":"ListItem","position":5,"name":"2022\u201323 Visiting Professor at Dornsife"}]},{"@type":"WebSite","@id":"https:\/\/dornsife.usc.edu\/levan-institute\/#website","url":"https:\/\/dornsife.usc.edu\/levan-institute\/","name":"Levan Institute for the Humanities","description":"USC Dornsife Levan Institute for the Humanities","potentialAction":[{"@type":"SearchAction","target":{"@type":"EntryPoint","urlTemplate":"https:\/\/dornsife.usc.edu\/levan-institute\/?s={search_term_string}"},"query-input":{"@type":"PropertyValueSpecification","valueRequired":true,"valueName":"search_term_string"}}],"inLanguage":"en-US"}]}},"_links":{"self":[{"href":"https:\/\/dornsife.usc.edu\/levan-institute\/wp-json\/wp\/v2\/pages\/2069","targetHints":{"allow":["GET"]}}],"collection":[{"href":"https:\/\/dornsife.usc.edu\/levan-institute\/wp-json\/wp\/v2\/pages"}],"about":[{"href":"https:\/\/dornsife.usc.edu\/levan-institute\/wp-json\/wp\/v2\/types\/page"}],"author":[{"embeddable":true,"href":"https:\/\/dornsife.usc.edu\/levan-institute\/wp-json\/wp\/v2\/users\/134"}],"replies":[{"embeddable":true,"href":"https:\/\/dornsife.usc.edu\/levan-institute\/wp-json\/wp\/v2\/comments?post=2069"}],"version-history":[{"count":39,"href":"https:\/\/dornsife.usc.edu\/levan-institute\/wp-json\/wp\/v2\/pages\/2069\/revisions"}],"predecessor-version":[{"id":3504,"href":"https:\/\/dornsife.usc.edu\/levan-institute\/wp-json\/wp\/v2\/pages\/2069\/revisions\/3504"}],"up":[{"embeddable":true,"href":"https:\/\/dornsife.usc.edu\/levan-institute\/wp-json\/wp\/v2\/pages\/485"}],"wp:featuredmedia":[{"embeddable":true,"href":"https:\/\/dornsife.usc.edu\/levan-institute\/wp-json\/wp\/v2\/media\/810"}],"wp:attachment":[{"href":"https:\/\/dornsife.usc.edu\/levan-institute\/wp-json\/wp\/v2\/media?parent=2069"}],"curies":[{"name":"wp","href":"https:\/\/api.w.org\/{rel}","templated":true}]}}