{"id":2486,"date":"2024-09-05T20:44:05","date_gmt":"2024-09-06T03:44:05","guid":{"rendered":"https:\/\/dornsife.usc.edu\/latin-american-and-iberian-cultures\/?page_id=2486"},"modified":"2024-09-05T21:00:57","modified_gmt":"2024-09-06T04:00:57","slug":"conversaciones","status":"publish","type":"page","link":"https:\/\/dornsife.usc.edu\/latin-american-and-iberian-cultures\/conversaciones\/","title":{"rendered":"Conversaciones"},"content":{"rendered":"\n\n  \n    \n\n\n\n\n\n\n<div\n  class=\"cc--component-container cc--rich-text \"\n\n  \n  \n  \n  \n  \n  \n  >\n  <div class=\"c--component c--rich-text\"\n    \n      >\n\n    \n      \n<div class=\"f--field f--wysiwyg\">\n\n    \n  <p>&#8220;Conversaciones&#8221; es una serie de charlas organizada por el Basic Language Program de USC y la Oficina de Educaci\u00f3n de la Embajada de Espa\u00f1a en Los \u00c1ngeles. Esta serie , que se lleva a cabo por Zoom, est\u00e1 destinada a ofrecer tanto a los estudiantes de USC como a los estudiosos de espa\u00f1ol de todo el mundo la oportunidad de practicar su espa\u00f1ol mientras aprenden valiosa informaci\u00f3n sobre profesiones relevantes que podr\u00edan considerar para su futuro.<\/p>\n<p>En estas charlas, profesionales renombrados comparten su pasi\u00f3n por su profesi\u00f3n, as\u00ed como su trayectoria personal. Los estudiantes tienen la oportunidad de escuchar sus experiencias e interactuar con los ponentes en la sesi\u00f3n de preguntas y respuestas.<\/p>\n\n\n\n<\/div>\n\n\n  <\/div><\/div>\n\n\n\n\n                        \n  \n    \n\n\n\n\n\n\n<div\n  class=\"cc--component-container cc--photo-wall \"\n\n  \n  \n  \n  \n  \n  \n  >\n  <div class=\"c--component c--photo-wall\"\n    \n      >\n\n    \n      <div class=\"heading-container\">\n                  \n<div class=\"f--field f--section-title\">\n\n    \n  <h2>\n          Oto\u00f1o 2024\n      <\/h2>\n\n\n<\/div>\n      \n                  \n<div class=\"f--field f--description\">\n\n    \n  <p>Estas son las &#8220;Conversaciones&#8221; que tendremos este semestre. \u00a1Acomp\u00e1\u00f1anos!<\/p>\n\n\n\n<\/div>\n          <\/div>\n  \n  <div class=\"photos-container\">\n\n    \n    <div class=\"grid-sizer\"><\/div>\n    <div class=\"gutter-sizer\"><\/div>\n\n      \n                                                \n                <div class=\"photo\">\n\n            \n                \n<div class=\"f--field f--image\">\n\n    \n    \n    \n    \n    \n    \n              \n      <img decoding=\"async\"\n                            src=\"https:\/\/dornsife.usc.edu\/latin-american-and-iberian-cultures\/wp-content\/uploads\/sites\/78\/2024\/09\/Ciencia-como-profesion-540x0-c-default.png\"\n                    \n        \n                  role=\"none\"\n        \n        \n                                      \/>\n\n    \n    \n  \n  \n\n<\/div>\n\n                          <a href=\"#photo-1756307309\" class=\"photo-trigger\" aria-label=\"Expand to view image and text\">\n                <svg version=\"1.1\" xmlns=\"http:\/\/www.w3.org\/2000\/svg\" xmlns:xlink=\"http:\/\/www.w3.org\/1999\/xlink\" x=\"0px\" y=\"0px\" viewBox=\"0 0 35 35\" enable-background=\"new 0 0 35 35\" xml:space=\"preserve\"><path fill-rule=\"evenodd\" clip-rule=\"evenodd\" fill=\"#000000\" d=\"M28,7v7.9h-2.6l0-3.4l-4.3,4.3c-0.3,0.3-0.6,0.4-0.9,0.4s-0.7-0.1-0.9-0.4c-0.5-0.5-0.5-1.3,0-1.9l4.3-4.3h-3.4V7H28z M7,28v-7.9h2.6v3.4l4.3-4.3c0.5-0.5,1.3-0.5,1.9,0c0.5,0.5,0.5,1.3,0,1.9l-4.3,4.3h3.4V28H7z\"\/><\/svg>\n              <\/a>\n                      <\/div>\n                <div class=\"photo\">\n\n            \n                \n<div class=\"f--field f--image\">\n\n    \n    \n    \n    \n    \n    \n              \n      <img decoding=\"async\"\n                            src=\"https:\/\/dornsife.usc.edu\/latin-american-and-iberian-cultures\/wp-content\/uploads\/sites\/78\/2024\/09\/Abuelitas-540x0-c-default.png\"\n                    \n        \n                  role=\"none\"\n        \n        \n                                      \/>\n\n    \n    \n  \n  \n\n<\/div>\n\n                          <a href=\"#photo-1211191425\" class=\"photo-trigger\" aria-label=\"Expand to view image and text\">\n                <svg version=\"1.1\" xmlns=\"http:\/\/www.w3.org\/2000\/svg\" xmlns:xlink=\"http:\/\/www.w3.org\/1999\/xlink\" x=\"0px\" y=\"0px\" viewBox=\"0 0 35 35\" enable-background=\"new 0 0 35 35\" xml:space=\"preserve\"><path fill-rule=\"evenodd\" clip-rule=\"evenodd\" fill=\"#000000\" d=\"M28,7v7.9h-2.6l0-3.4l-4.3,4.3c-0.3,0.3-0.6,0.4-0.9,0.4s-0.7-0.1-0.9-0.4c-0.5-0.5-0.5-1.3,0-1.9l4.3-4.3h-3.4V7H28z M7,28v-7.9h2.6v3.4l4.3-4.3c0.5-0.5,1.3-0.5,1.9,0c0.5,0.5,0.5,1.3,0,1.9l-4.3,4.3h3.4V28H7z\"\/><\/svg>\n              <\/a>\n                      <\/div>\n                <div class=\"photo\">\n\n            \n                \n<div class=\"f--field f--image\">\n\n    \n    \n    \n    \n    \n    \n              \n      <img decoding=\"async\"\n                            src=\"https:\/\/dornsife.usc.edu\/latin-american-and-iberian-cultures\/wp-content\/uploads\/sites\/78\/2024\/09\/Aguilas-540x0-c-default.png\"\n                    \n        \n                  role=\"none\"\n        \n        \n                                      \/>\n\n    \n    \n  \n  \n\n<\/div>\n\n                          <a href=\"#photo-1097575166\" class=\"photo-trigger\" aria-label=\"Expand to view image and text\">\n                <svg version=\"1.1\" xmlns=\"http:\/\/www.w3.org\/2000\/svg\" xmlns:xlink=\"http:\/\/www.w3.org\/1999\/xlink\" x=\"0px\" y=\"0px\" viewBox=\"0 0 35 35\" enable-background=\"new 0 0 35 35\" xml:space=\"preserve\"><path fill-rule=\"evenodd\" clip-rule=\"evenodd\" fill=\"#000000\" d=\"M28,7v7.9h-2.6l0-3.4l-4.3,4.3c-0.3,0.3-0.6,0.4-0.9,0.4s-0.7-0.1-0.9-0.4c-0.5-0.5-0.5-1.3,0-1.9l4.3-4.3h-3.4V7H28z M7,28v-7.9h2.6v3.4l4.3-4.3c0.5-0.5,1.3-0.5,1.9,0c0.5,0.5,0.5,1.3,0,1.9l-4.3,4.3h3.4V28H7z\"\/><\/svg>\n              <\/a>\n                      <\/div>\n      \n      <\/div>\n\n            <div id=\"photo-1756307309\" class=\"photo-lightbox lity-hide\">\n        <div class=\"text-container\">\n                      <h3>6 de septiembre<\/h3>\n          \n          \n                  <\/div>\n\n        \n            \n<div class=\"f--field f--image\">\n\n    \n    \n    \n    \n    \n    \n              \n      <img decoding=\"async\"\n                            src=\"https:\/\/dornsife.usc.edu\/latin-american-and-iberian-cultures\/wp-content\/uploads\/sites\/78\/2024\/09\/Ciencia-como-profesion-1080x0-c-default.png\"\n                    \n        \n                  role=\"none\"\n        \n        \n                                      \/>\n\n    \n    \n  \n  \n\n<\/div>\n\n      <\/div>\n                <div id=\"photo-1211191425\" class=\"photo-lightbox lity-hide\">\n        <div class=\"text-container\">\n                      <h3>18 de septiembre<\/h3>\n          \n          \n                  <\/div>\n\n        \n            \n<div class=\"f--field f--image\">\n\n    \n    \n    \n    \n    \n    \n              \n      <img decoding=\"async\"\n                            src=\"https:\/\/dornsife.usc.edu\/latin-american-and-iberian-cultures\/wp-content\/uploads\/sites\/78\/2024\/09\/Abuelitas-1080x0-c-default.png\"\n                    \n        \n                  role=\"none\"\n        \n        \n                                      \/>\n\n    \n    \n  \n  \n\n<\/div>\n\n      <\/div>\n                <div id=\"photo-1097575166\" class=\"photo-lightbox lity-hide\">\n        <div class=\"text-container\">\n                      <h3>10 de octubre<\/h3>\n          \n          \n                  <\/div>\n\n        \n            \n<div class=\"f--field f--image\">\n\n    \n    \n    \n    \n    \n    \n              \n      <img decoding=\"async\"\n                            src=\"https:\/\/dornsife.usc.edu\/latin-american-and-iberian-cultures\/wp-content\/uploads\/sites\/78\/2024\/09\/Aguilas-1080x0-c-default.png\"\n                    \n        \n                  role=\"none\"\n        \n        \n                                      \/>\n\n    \n    \n  \n  \n\n<\/div>\n\n      <\/div>\n      \n\n  <\/div><\/div>\n","protected":false},"excerpt":{"rendered":"","protected":false},"author":91,"featured_media":0,"parent":0,"menu_order":0,"comment_status":"closed","ping_status":"closed","template":"","meta":{"_acf_changed":false,"footnotes":""},"class_list":["post-2486","page","type-page","status-publish","hentry"],"acf":[],"yoast_head":"<!-- This site is optimized with the Yoast SEO plugin v27.1.1 - https:\/\/yoast.com\/product\/yoast-seo-wordpress\/ -->\n<title>Conversaciones - Department of Latin American and Iberian Cultures<\/title>\n<meta name=\"robots\" content=\"index, follow, max-snippet:-1, max-image-preview:large, max-video-preview:-1\" \/>\n<link rel=\"canonical\" href=\"https:\/\/dornsife.usc.edu\/latin-american-and-iberian-cultures\/conversaciones\/\" \/>\n<meta property=\"og:locale\" content=\"en_US\" \/>\n<meta property=\"og:type\" content=\"article\" \/>\n<meta property=\"og:title\" content=\"Conversaciones - Department of Latin American and Iberian Cultures\" \/>\n<meta property=\"og:url\" content=\"https:\/\/dornsife.usc.edu\/latin-american-and-iberian-cultures\/conversaciones\/\" \/>\n<meta property=\"og:site_name\" content=\"Department of Latin American and Iberian Cultures\" \/>\n<meta property=\"article:modified_time\" content=\"2024-09-06T04:00:57+00:00\" \/>\n<meta name=\"twitter:card\" content=\"summary_large_image\" \/>\n<script type=\"application\/ld+json\" class=\"yoast-schema-graph\">{\"@context\":\"https:\/\/schema.org\",\"@graph\":[{\"@type\":\"WebPage\",\"@id\":\"https:\/\/dornsife.usc.edu\/latin-american-and-iberian-cultures\/conversaciones\/\",\"url\":\"https:\/\/dornsife.usc.edu\/latin-american-and-iberian-cultures\/conversaciones\/\",\"name\":\"Conversaciones - Department of Latin American and Iberian Cultures\",\"isPartOf\":{\"@id\":\"https:\/\/live-usc-dornsife.pantheonsite.io\/latin-american-and-iberian-cultures\/#website\"},\"datePublished\":\"2024-09-06T03:44:05+00:00\",\"dateModified\":\"2024-09-06T04:00:57+00:00\",\"breadcrumb\":{\"@id\":\"https:\/\/dornsife.usc.edu\/latin-american-and-iberian-cultures\/conversaciones\/#breadcrumb\"},\"inLanguage\":\"en-US\",\"potentialAction\":[{\"@type\":\"ReadAction\",\"target\":[\"https:\/\/dornsife.usc.edu\/latin-american-and-iberian-cultures\/conversaciones\/\"]}]},{\"@type\":\"BreadcrumbList\",\"@id\":\"https:\/\/dornsife.usc.edu\/latin-american-and-iberian-cultures\/conversaciones\/#breadcrumb\",\"itemListElement\":[{\"@type\":\"ListItem\",\"position\":1,\"name\":\"Home\",\"item\":\"https:\/\/dornsife.usc.edu\/latin-american-and-iberian-cultures\/\"},{\"@type\":\"ListItem\",\"position\":2,\"name\":\"Conversaciones\"}]},{\"@type\":\"WebSite\",\"@id\":\"https:\/\/live-usc-dornsife.pantheonsite.io\/latin-american-and-iberian-cultures\/#website\",\"url\":\"https:\/\/live-usc-dornsife.pantheonsite.io\/latin-american-and-iberian-cultures\/\",\"name\":\"Department of Latin American and Iberian Cultures\",\"description\":\"USC Dornsife Department of Latin American and Iberian Cultures\",\"potentialAction\":[{\"@type\":\"SearchAction\",\"target\":{\"@type\":\"EntryPoint\",\"urlTemplate\":\"https:\/\/live-usc-dornsife.pantheonsite.io\/latin-american-and-iberian-cultures\/?s={search_term_string}\"},\"query-input\":{\"@type\":\"PropertyValueSpecification\",\"valueRequired\":true,\"valueName\":\"search_term_string\"}}],\"inLanguage\":\"en-US\"}]}<\/script>\n<!-- \/ Yoast SEO plugin. -->","yoast_head_json":{"title":"Conversaciones - Department of Latin American and Iberian Cultures","robots":{"index":"index","follow":"follow","max-snippet":"max-snippet:-1","max-image-preview":"max-image-preview:large","max-video-preview":"max-video-preview:-1"},"canonical":"https:\/\/dornsife.usc.edu\/latin-american-and-iberian-cultures\/conversaciones\/","og_locale":"en_US","og_type":"article","og_title":"Conversaciones - Department of Latin American and Iberian Cultures","og_url":"https:\/\/dornsife.usc.edu\/latin-american-and-iberian-cultures\/conversaciones\/","og_site_name":"Department of Latin American and Iberian Cultures","article_modified_time":"2024-09-06T04:00:57+00:00","twitter_card":"summary_large_image","schema":{"@context":"https:\/\/schema.org","@graph":[{"@type":"WebPage","@id":"https:\/\/dornsife.usc.edu\/latin-american-and-iberian-cultures\/conversaciones\/","url":"https:\/\/dornsife.usc.edu\/latin-american-and-iberian-cultures\/conversaciones\/","name":"Conversaciones - Department of Latin American and Iberian Cultures","isPartOf":{"@id":"https:\/\/live-usc-dornsife.pantheonsite.io\/latin-american-and-iberian-cultures\/#website"},"datePublished":"2024-09-06T03:44:05+00:00","dateModified":"2024-09-06T04:00:57+00:00","breadcrumb":{"@id":"https:\/\/dornsife.usc.edu\/latin-american-and-iberian-cultures\/conversaciones\/#breadcrumb"},"inLanguage":"en-US","potentialAction":[{"@type":"ReadAction","target":["https:\/\/dornsife.usc.edu\/latin-american-and-iberian-cultures\/conversaciones\/"]}]},{"@type":"BreadcrumbList","@id":"https:\/\/dornsife.usc.edu\/latin-american-and-iberian-cultures\/conversaciones\/#breadcrumb","itemListElement":[{"@type":"ListItem","position":1,"name":"Home","item":"https:\/\/dornsife.usc.edu\/latin-american-and-iberian-cultures\/"},{"@type":"ListItem","position":2,"name":"Conversaciones"}]},{"@type":"WebSite","@id":"https:\/\/live-usc-dornsife.pantheonsite.io\/latin-american-and-iberian-cultures\/#website","url":"https:\/\/live-usc-dornsife.pantheonsite.io\/latin-american-and-iberian-cultures\/","name":"Department of Latin American and Iberian Cultures","description":"USC Dornsife Department of Latin American and Iberian Cultures","potentialAction":[{"@type":"SearchAction","target":{"@type":"EntryPoint","urlTemplate":"https:\/\/live-usc-dornsife.pantheonsite.io\/latin-american-and-iberian-cultures\/?s={search_term_string}"},"query-input":{"@type":"PropertyValueSpecification","valueRequired":true,"valueName":"search_term_string"}}],"inLanguage":"en-US"}]}},"_links":{"self":[{"href":"https:\/\/dornsife.usc.edu\/latin-american-and-iberian-cultures\/wp-json\/wp\/v2\/pages\/2486","targetHints":{"allow":["GET"]}}],"collection":[{"href":"https:\/\/dornsife.usc.edu\/latin-american-and-iberian-cultures\/wp-json\/wp\/v2\/pages"}],"about":[{"href":"https:\/\/dornsife.usc.edu\/latin-american-and-iberian-cultures\/wp-json\/wp\/v2\/types\/page"}],"author":[{"embeddable":true,"href":"https:\/\/dornsife.usc.edu\/latin-american-and-iberian-cultures\/wp-json\/wp\/v2\/users\/91"}],"replies":[{"embeddable":true,"href":"https:\/\/dornsife.usc.edu\/latin-american-and-iberian-cultures\/wp-json\/wp\/v2\/comments?post=2486"}],"version-history":[{"count":4,"href":"https:\/\/dornsife.usc.edu\/latin-american-and-iberian-cultures\/wp-json\/wp\/v2\/pages\/2486\/revisions"}],"predecessor-version":[{"id":2498,"href":"https:\/\/dornsife.usc.edu\/latin-american-and-iberian-cultures\/wp-json\/wp\/v2\/pages\/2486\/revisions\/2498"}],"wp:attachment":[{"href":"https:\/\/dornsife.usc.edu\/latin-american-and-iberian-cultures\/wp-json\/wp\/v2\/media?parent=2486"}],"curies":[{"name":"wp","href":"https:\/\/api.w.org\/{rel}","templated":true}]}}

<div
  class="cc--component-container cc--rich-text "

  
  
  
  
  
  
  >
  <div class="c--component c--rich-text"
    
      >

    
      
<div class="f--field f--wysiwyg">

    
  <p>&#8220;Conversaciones&#8221; es una serie de charlas organizada por el Basic Language Program de USC y la Oficina de Educación de la Embajada de España en Los Ángeles. Esta serie , que se lleva a cabo por Zoom, está destinada a ofrecer tanto a los estudiantes de USC como a los estudiosos de español de todo el mundo la oportunidad de practicar su español mientras aprenden valiosa información sobre profesiones relevantes que podrían considerar para su futuro.</p>
<p>En estas charlas, profesionales renombrados comparten su pasión por su profesión, así como su trayectoria personal. Los estudiantes tienen la oportunidad de escuchar sus experiencias e interactuar con los ponentes en la sesión de preguntas y respuestas.</p>



</div>


  </div></div>




                        
  
    






<div
  class="cc--component-container cc--photo-wall "

  
  
  
  
  
  
  >
  <div class="c--component c--photo-wall"
    
      >

    
      <div class="heading-container">
                  
<div class="f--field f--section-title">

    
  <h2>
          Otoño 2024
      </h2>


</div>
      
                  
<div class="f--field f--description">

    
  <p>Estas son las &#8220;Conversaciones&#8221; que tendremos este semestre. ¡Acompáñanos!</p>



</div>
          </div>
  
  <div class="photos-container">

    
    <div class="grid-sizer"></div>
    <div class="gutter-sizer"></div>

      
                                                
                <div class="photo">

            
                
<div class="f--field f--image">

    
    
    
    
    
    
              
      <img decoding="async"
                            src="https://dornsife.usc.edu/latin-american-and-iberian-cultures/wp-content/uploads/sites/78/2024/09/Ciencia-como-profesion-540x0-c-default.png"
                    
        
                  role="none"
        
        
                                      />

    
    
  
  

</div>

                          <a href="#photo-1756307309" class="photo-trigger" aria-label="Expand to view image and text">
                <svg version="1.1" xmlns="http://www.w3.org/2000/svg" xmlns:xlink="http://www.w3.org/1999/xlink" x="0px" y="0px" viewBox="0 0 35 35" enable-background="new 0 0 35 35" xml:space="preserve"><path fill-rule="evenodd" clip-rule="evenodd" fill="#000000" d="M28,7v7.9h-2.6l0-3.4l-4.3,4.3c-0.3,0.3-0.6,0.4-0.9,0.4s-0.7-0.1-0.9-0.4c-0.5-0.5-0.5-1.3,0-1.9l4.3-4.3h-3.4V7H28z M7,28v-7.9h2.6v3.4l4.3-4.3c0.5-0.5,1.3-0.5,1.9,0c0.5,0.5,0.5,1.3,0,1.9l-4.3,4.3h3.4V28H7z"/></svg>
              </a>
                      </div>
                <div class="photo">

            
                
<div class="f--field f--image">

    
    
    
    
    
    
              
      <img decoding="async"
                            src="https://dornsife.usc.edu/latin-american-and-iberian-cultures/wp-content/uploads/sites/78/2024/09/Abuelitas-540x0-c-default.png"
                    
        
                  role="none"
        
        
                                      />

    
    
  
  

</div>

                          <a href="#photo-1211191425" class="photo-trigger" aria-label="Expand to view image and text">
                <svg version="1.1" xmlns="http://www.w3.org/2000/svg" xmlns:xlink="http://www.w3.org/1999/xlink" x="0px" y="0px" viewBox="0 0 35 35" enable-background="new 0 0 35 35" xml:space="preserve"><path fill-rule="evenodd" clip-rule="evenodd" fill="#000000" d="M28,7v7.9h-2.6l0-3.4l-4.3,4.3c-0.3,0.3-0.6,0.4-0.9,0.4s-0.7-0.1-0.9-0.4c-0.5-0.5-0.5-1.3,0-1.9l4.3-4.3h-3.4V7H28z M7,28v-7.9h2.6v3.4l4.3-4.3c0.5-0.5,1.3-0.5,1.9,0c0.5,0.5,0.5,1.3,0,1.9l-4.3,4.3h3.4V28H7z"/></svg>
              </a>
                      </div>
                <div class="photo">

            
                
<div class="f--field f--image">

    
    
    
    
    
    
              
      <img decoding="async"
                            src="https://dornsife.usc.edu/latin-american-and-iberian-cultures/wp-content/uploads/sites/78/2024/09/Aguilas-540x0-c-default.png"
                    
        
                  role="none"
        
        
                                      />

    
    
  
  

</div>

                          <a href="#photo-1097575166" class="photo-trigger" aria-label="Expand to view image and text">
                <svg version="1.1" xmlns="http://www.w3.org/2000/svg" xmlns:xlink="http://www.w3.org/1999/xlink" x="0px" y="0px" viewBox="0 0 35 35" enable-background="new 0 0 35 35" xml:space="preserve"><path fill-rule="evenodd" clip-rule="evenodd" fill="#000000" d="M28,7v7.9h-2.6l0-3.4l-4.3,4.3c-0.3,0.3-0.6,0.4-0.9,0.4s-0.7-0.1-0.9-0.4c-0.5-0.5-0.5-1.3,0-1.9l4.3-4.3h-3.4V7H28z M7,28v-7.9h2.6v3.4l4.3-4.3c0.5-0.5,1.3-0.5,1.9,0c0.5,0.5,0.5,1.3,0,1.9l-4.3,4.3h3.4V28H7z"/></svg>
              </a>
                      </div>
      
      </div>

            <div id="photo-1756307309" class="photo-lightbox lity-hide">
        <div class="text-container">
                      <h3>6 de septiembre</h3>
          
          
                  </div>

        
            
<div class="f--field f--image">

    
    
    
    
    
    
              
      <img decoding="async"
                            src="https://dornsife.usc.edu/latin-american-and-iberian-cultures/wp-content/uploads/sites/78/2024/09/Ciencia-como-profesion-1080x0-c-default.png"
                    
        
                  role="none"
        
        
                                      />

    
    
  
  

</div>

      </div>
                <div id="photo-1211191425" class="photo-lightbox lity-hide">
        <div class="text-container">
                      <h3>18 de septiembre</h3>
          
          
                  </div>

        
            
<div class="f--field f--image">

    
    
    
    
    
    
              
      <img decoding="async"
                            src="https://dornsife.usc.edu/latin-american-and-iberian-cultures/wp-content/uploads/sites/78/2024/09/Abuelitas-1080x0-c-default.png"
                    
        
                  role="none"
        
        
                                      />

    
    
  
  

</div>

      </div>
                <div id="photo-1097575166" class="photo-lightbox lity-hide">
        <div class="text-container">
                      <h3>10 de octubre</h3>
          
          
                  </div>

        
            
<div class="f--field f--image">

    
    
    
    
    
    
              
      <img decoding="async"
                            src="https://dornsife.usc.edu/latin-american-and-iberian-cultures/wp-content/uploads/sites/78/2024/09/Aguilas-1080x0-c-default.png"
                    
        
                  role="none"
        
        
                                      />

    
    
  
  

</div>

      </div>
      

  </div></div>
