{"id":1149,"date":"2023-04-23T19:03:40","date_gmt":"2023-04-24T02:03:40","guid":{"rendered":"https:\/\/dornsife.usc.edu\/hist\/?page_id=1149"},"modified":"2023-05-03T00:06:57","modified_gmt":"2023-05-03T07:06:57","slug":"in-memoriam","status":"publish","type":"page","link":"https:\/\/dornsife.usc.edu\/hist\/faculty\/in-memoriam\/","title":{"rendered":"In Memoriam"},"content":{"rendered":"\n\n                \n  \n    \n\n\n\n\n\n\n<div\n  class=\"cc--component-container cc--stacking-cards \"\n\n  \n  \n  \n  \n  \n  \n  >\n  <div class=\"c--component c--stacking-cards\"\n    \n      >\n\n    \n            <div class=\"header-container\">\n                                \n<div class=\"f--field f--section-title\">\n\n    \n  <h2>\n          In Memoriam\n      <\/h2>\n\n\n<\/div>\n            \n                    <\/div>\n    \n            <div class=\"cards-container\">\n            \n                <div class=\"card\">\n\n                    <div class=\"title-description\">\n\n                                                      \n<div class=\"f--field f--cta-title\">\n\n    \n  <h3>\n          <a href=\"https:\/\/dornsife.usc.edu\/news\/stories\/1915\/in-memoriam-mara-elena-martnez-lpez-47\/\" \n                        class=\"\" \n      >In Memoriam: Mar\u00eda Elena Mart\u00ednez-L\u00f3pez, 47<\/a>\n      <\/h3>\n\n\n<\/div>\n                        \n                                                        \n<div class=\"f--field f--description\">\n\n    \n  <p>A pioneer in the field of Latin American history, Mar\u00eda Elena Mart\u00ednez-L\u00f3pez\u2019s scholarship transformed the study of Mexico.<\/p>\n<ul>\n<li>Read more about Dr.\u00a0Mar\u00eda Elena Mart\u00ednez-L\u00f3pez\u00a0<a href=\"https:\/\/dornsife.usc.edu\/news\/stories\/1915\/in-memoriam-mara-elena-martnez-lpez-47\/\" target=\"_blank\" rel=\"noopener\">here<\/a>.<\/li>\n<\/ul>\n\n\n\n<\/div>\n                        \n                    <\/div>\n\n\n                    \n                        \n                            \n<div class=\"f--field f--image\">\n\n    \n        <a href=\"https:\/\/dornsife.usc.edu\/news\/stories\/1915\/in-memoriam-mara-elena-martnez-lpez-47\/\"  aria-label=\"Read more about In Memoriam: Mar\u00eda Elena Mart\u00ednez-L\u00f3pez, 47\">\n  \n    \n    \n    \n    \n              \n      <img decoding=\"async\"\n                            src=\"https:\/\/dornsife.usc.edu\/hist\/wp-content\/uploads\/sites\/149\/2023\/04\/Maria-Elena-Martinez-Lopez.jpeg\"\n                    sizes=\"(min-width:1024px) 23vw, (min-width:768px) 39vw, 83vw\"\n        \n                  role=\"none\"\n        \n        \n                                      \/>\n\n    \n    \n  \n      <\/a>\n  \n\n<\/div>\n\n                    \n                <\/div>\n\n            \n                <div class=\"card\">\n\n                    <div class=\"title-description\">\n\n                                                      \n<div class=\"f--field f--cta-title\">\n\n    \n  <h3>\n          <a href=\"https:\/\/dornsife.usc.edu\/news\/stories\/2506\/chronicler-of-the-california-dream-kevin-starr-76\/\" \n                        class=\"\" \n      >In Memoriam: Chronicler of the \u2018California Dream\u2019: Kevin Starr, 76<\/a>\n      <\/h3>\n\n\n<\/div>\n                        \n                                                        \n<div class=\"f--field f--description\">\n\n    \n  <p>The USC Dornsife professor was one of the leading historians of the Golden State.<\/p>\n<ul>\n<li>Read more about Dr. Kevin Starr\u00a0<a href=\"https:\/\/dornsife.usc.edu\/news\/stories\/2506\/chronicler-of-the-california-dream-kevin-starr-76\/\" target=\"_blank\" rel=\"noopener\">here<\/a>.<\/li>\n<\/ul>\n<ul>\n<li>To view the video of the memorial service, please click\u00a0<a title=\"Memorial for Dr. Kevin Starr\" href=\"https:\/\/www.youtube.com\/embed\/7P11oZb0UF8\" target=\"_blank\" rel=\"noopener\">here<\/a>.<\/li>\n<\/ul>\n\n\n\n<\/div>\n                        \n                    <\/div>\n\n\n                    \n                        \n                            \n<div class=\"f--field f--image\">\n\n    \n        <a href=\"https:\/\/dornsife.usc.edu\/news\/stories\/2506\/chronicler-of-the-california-dream-kevin-starr-76\/\"  aria-label=\"Read more about In Memoriam: Chronicler of the \u2018California Dream\u2019: Kevin Starr, 76\">\n  \n    \n    \n    \n    \n              \n      <img decoding=\"async\"\n                            src=\"https:\/\/dornsife.usc.edu\/hist\/wp-content\/uploads\/sites\/149\/2023\/04\/Kevin-Starr.jpeg\"\n                    sizes=\"(min-width:1024px) 23vw, (min-width:768px) 39vw, 83vw\"\n        \n                  role=\"none\"\n        \n        \n                                      \/>\n\n    \n    \n  \n      <\/a>\n  \n\n<\/div>\n\n                    \n                <\/div>\n\n            \n                <div class=\"card\">\n\n                    <div class=\"title-description\">\n\n                                                      \n<div class=\"f--field f--cta-title\">\n\n    \n  <h3>\n          <a href=\"https:\/\/dornsife.usc.edu\/news\/stories\/2512\/in-memoriam-john-jack-wills-jr-80\/\" \n                        class=\"\" \n      >In Memoriam: John \u201cJack\u201d Wills Jr., 80<\/a>\n      <\/h3>\n\n\n<\/div>\n                        \n                                                        \n<div class=\"f--field f--description\">\n\n    \n  <p>A masterful scholar of Chinese history with a broad intellectual vision, Wills was a pillar of strength in the development of East Asian studies at USC.<\/p>\n<ul>\n<li>Read more about Dr. Jack Wills\u00a0<a href=\"https:\/\/dornsife.usc.edu\/news\/stories\/2512\/in-memoriam-john-jack-wills-jr-80\/\" target=\"_blank\" rel=\"noopener\">here<\/a>.<\/li>\n<\/ul>\n<ul>\n<li>To view the video of the memorial service, please click\u00a0<a title=\"Memorial for Dr. John &quot;Jack&quot; E. Wills Jr. \" href=\"https:\/\/capture.usc.edu\/Mediasite\/Play\/35131159b36f4f0a96a8aa45bbaca6301d\" target=\"_blank\" rel=\"noopener\">here<\/a>.<\/li>\n<\/ul>\n\n\n\n<\/div>\n                        \n                    <\/div>\n\n\n                    \n                        \n                            \n<div class=\"f--field f--image\">\n\n    \n        <a href=\"https:\/\/dornsife.usc.edu\/news\/stories\/2512\/in-memoriam-john-jack-wills-jr-80\/\"  aria-label=\"Read more about In Memoriam: John \u201cJack\u201d Wills Jr., 80\">\n  \n    \n    \n    \n    \n              \n      <img decoding=\"async\"\n                            src=\"https:\/\/dornsife.usc.edu\/hist\/wp-content\/uploads\/sites\/149\/2023\/04\/Jack-Wills.jpeg\"\n                    sizes=\"(min-width:1024px) 23vw, (min-width:768px) 39vw, 83vw\"\n        \n                  role=\"none\"\n        \n        \n                                      \/>\n\n    \n    \n  \n      <\/a>\n  \n\n<\/div>\n\n                    \n                <\/div>\n\n            \n                <div class=\"card\">\n\n                    <div class=\"title-description\">\n\n                                                      \n<div class=\"f--field f--cta-title\">\n\n    \n  <h3>\n          <a href=\"http:\/\/dornsifelive.usc.edu\/news\/stories\/3760\/memoriam-charlotte-furth\/\" \n         target=\"_blank\"                 class=\"\" \n      >In Memoriam: Charlotte Furth, 88<\/a>\n      <\/h3>\n\n\n<\/div>\n                        \n                                                        \n<div class=\"f--field f--description\">\n\n    \n  <p>During her 30-year career at USC Dornsife, Charlotte Furth\u2019s achievements include a groundbreaking book on the history of Chinese women\u2019s reproductive care.<\/p>\n<ul>\n<li>Read more about Dr. Charlotte Furth <a href=\"http:\/\/dornsifelive.usc.edu\/news\/stories\/3760\/memoriam-charlotte-furth\/\" target=\"_blank\" rel=\"noopener\">here<\/a>.<\/li>\n<\/ul>\n\n\n\n<\/div>\n                        \n                    <\/div>\n\n\n                    \n                        \n                            \n<div class=\"f--field f--image\">\n\n    \n        <a href=\"http:\/\/dornsifelive.usc.edu\/news\/stories\/3760\/memoriam-charlotte-furth\/\" target=\"_blank\" aria-label=\"Read more about In Memoriam: Charlotte Furth, 88\">\n  \n    \n    \n    \n    \n              \n      <img decoding=\"async\"\n                            src=\"https:\/\/dornsife.usc.edu\/hist\/wp-content\/uploads\/sites\/149\/2023\/04\/Charlotte-Furth-768x432.jpeg\"\n          srcset=\"https:\/\/dornsife.usc.edu\/hist\/wp-content\/uploads\/sites\/149\/2023\/04\/Charlotte-Furth-768x432.jpeg 768w\"          sizes=\"(min-width:1024px) 23vw, (min-width:768px) 39vw, 83vw\"\n        \n                  role=\"none\"\n        \n        \n                                      \/>\n\n    \n    \n  \n      <\/a>\n  \n\n<\/div>\n\n                    \n                <\/div>\n\n            \n        <\/div>\n    \n\n  <\/div><\/div>\n","protected":false},"excerpt":{"rendered":"","protected":false},"author":219,"featured_media":0,"parent":821,"menu_order":5,"comment_status":"closed","ping_status":"closed","template":"","meta":{"_acf_changed":false,"footnotes":""},"class_list":["post-1149","page","type-page","status-publish","hentry"],"acf":[],"yoast_head":"<!-- This site is optimized with the Yoast SEO plugin v27.1.1 - https:\/\/yoast.com\/product\/yoast-seo-wordpress\/ -->\n<title>In Memoriam - Van Hunnick History Department<\/title>\n<meta name=\"robots\" content=\"index, follow, max-snippet:-1, max-image-preview:large, max-video-preview:-1\" \/>\n<link rel=\"canonical\" href=\"https:\/\/dornsife.usc.edu\/hist\/faculty\/in-memoriam\/\" \/>\n<meta property=\"og:locale\" content=\"en_US\" \/>\n<meta property=\"og:type\" content=\"article\" \/>\n<meta property=\"og:title\" content=\"In Memoriam - Van Hunnick History Department\" \/>\n<meta property=\"og:url\" content=\"https:\/\/dornsife.usc.edu\/hist\/faculty\/in-memoriam\/\" \/>\n<meta property=\"og:site_name\" content=\"Van Hunnick History Department\" \/>\n<meta property=\"article:modified_time\" content=\"2023-05-03T07:06:57+00:00\" \/>\n<meta name=\"twitter:card\" content=\"summary_large_image\" \/>\n<script type=\"application\/ld+json\" class=\"yoast-schema-graph\">{\"@context\":\"https:\/\/schema.org\",\"@graph\":[{\"@type\":\"WebPage\",\"@id\":\"https:\/\/dornsife.usc.edu\/hist\/faculty\/in-memoriam\/\",\"url\":\"https:\/\/dornsife.usc.edu\/hist\/faculty\/in-memoriam\/\",\"name\":\"In Memoriam - Van Hunnick History Department\",\"isPartOf\":{\"@id\":\"https:\/\/live-usc-dornsife.pantheonsite.io\/hist\/#website\"},\"datePublished\":\"2023-04-24T02:03:40+00:00\",\"dateModified\":\"2023-05-03T07:06:57+00:00\",\"breadcrumb\":{\"@id\":\"https:\/\/dornsife.usc.edu\/hist\/faculty\/in-memoriam\/#breadcrumb\"},\"inLanguage\":\"en-US\",\"potentialAction\":[{\"@type\":\"ReadAction\",\"target\":[\"https:\/\/dornsife.usc.edu\/hist\/faculty\/in-memoriam\/\"]}]},{\"@type\":\"BreadcrumbList\",\"@id\":\"https:\/\/dornsife.usc.edu\/hist\/faculty\/in-memoriam\/#breadcrumb\",\"itemListElement\":[{\"@type\":\"ListItem\",\"position\":1,\"name\":\"Home\",\"item\":\"https:\/\/dornsife.usc.edu\/hist\/\"},{\"@type\":\"ListItem\",\"position\":2,\"name\":\"Faculty\",\"item\":\"https:\/\/live-usc-dornsife.pantheonsite.io\/hist\/faculty\/\"},{\"@type\":\"ListItem\",\"position\":3,\"name\":\"In Memoriam\"}]},{\"@type\":\"WebSite\",\"@id\":\"https:\/\/live-usc-dornsife.pantheonsite.io\/hist\/#website\",\"url\":\"https:\/\/live-usc-dornsife.pantheonsite.io\/hist\/\",\"name\":\"Van Hunnick History Department\",\"description\":\"USC Dornsife Department of History\",\"potentialAction\":[{\"@type\":\"SearchAction\",\"target\":{\"@type\":\"EntryPoint\",\"urlTemplate\":\"https:\/\/live-usc-dornsife.pantheonsite.io\/hist\/?s={search_term_string}\"},\"query-input\":{\"@type\":\"PropertyValueSpecification\",\"valueRequired\":true,\"valueName\":\"search_term_string\"}}],\"inLanguage\":\"en-US\"}]}<\/script>\n<!-- \/ Yoast SEO plugin. -->","yoast_head_json":{"title":"In Memoriam - Van Hunnick History Department","robots":{"index":"index","follow":"follow","max-snippet":"max-snippet:-1","max-image-preview":"max-image-preview:large","max-video-preview":"max-video-preview:-1"},"canonical":"https:\/\/dornsife.usc.edu\/hist\/faculty\/in-memoriam\/","og_locale":"en_US","og_type":"article","og_title":"In Memoriam - Van Hunnick History Department","og_url":"https:\/\/dornsife.usc.edu\/hist\/faculty\/in-memoriam\/","og_site_name":"Van Hunnick History Department","article_modified_time":"2023-05-03T07:06:57+00:00","twitter_card":"summary_large_image","schema":{"@context":"https:\/\/schema.org","@graph":[{"@type":"WebPage","@id":"https:\/\/dornsife.usc.edu\/hist\/faculty\/in-memoriam\/","url":"https:\/\/dornsife.usc.edu\/hist\/faculty\/in-memoriam\/","name":"In Memoriam - Van Hunnick History Department","isPartOf":{"@id":"https:\/\/live-usc-dornsife.pantheonsite.io\/hist\/#website"},"datePublished":"2023-04-24T02:03:40+00:00","dateModified":"2023-05-03T07:06:57+00:00","breadcrumb":{"@id":"https:\/\/dornsife.usc.edu\/hist\/faculty\/in-memoriam\/#breadcrumb"},"inLanguage":"en-US","potentialAction":[{"@type":"ReadAction","target":["https:\/\/dornsife.usc.edu\/hist\/faculty\/in-memoriam\/"]}]},{"@type":"BreadcrumbList","@id":"https:\/\/dornsife.usc.edu\/hist\/faculty\/in-memoriam\/#breadcrumb","itemListElement":[{"@type":"ListItem","position":1,"name":"Home","item":"https:\/\/dornsife.usc.edu\/hist\/"},{"@type":"ListItem","position":2,"name":"Faculty","item":"https:\/\/live-usc-dornsife.pantheonsite.io\/hist\/faculty\/"},{"@type":"ListItem","position":3,"name":"In Memoriam"}]},{"@type":"WebSite","@id":"https:\/\/live-usc-dornsife.pantheonsite.io\/hist\/#website","url":"https:\/\/live-usc-dornsife.pantheonsite.io\/hist\/","name":"Van Hunnick History Department","description":"USC Dornsife Department of History","potentialAction":[{"@type":"SearchAction","target":{"@type":"EntryPoint","urlTemplate":"https:\/\/live-usc-dornsife.pantheonsite.io\/hist\/?s={search_term_string}"},"query-input":{"@type":"PropertyValueSpecification","valueRequired":true,"valueName":"search_term_string"}}],"inLanguage":"en-US"}]}},"_links":{"self":[{"href":"https:\/\/dornsife.usc.edu\/hist\/wp-json\/wp\/v2\/pages\/1149","targetHints":{"allow":["GET"]}}],"collection":[{"href":"https:\/\/dornsife.usc.edu\/hist\/wp-json\/wp\/v2\/pages"}],"about":[{"href":"https:\/\/dornsife.usc.edu\/hist\/wp-json\/wp\/v2\/types\/page"}],"author":[{"embeddable":true,"href":"https:\/\/dornsife.usc.edu\/hist\/wp-json\/wp\/v2\/users\/219"}],"replies":[{"embeddable":true,"href":"https:\/\/dornsife.usc.edu\/hist\/wp-json\/wp\/v2\/comments?post=1149"}],"version-history":[{"count":11,"href":"https:\/\/dornsife.usc.edu\/hist\/wp-json\/wp\/v2\/pages\/1149\/revisions"}],"predecessor-version":[{"id":1915,"href":"https:\/\/dornsife.usc.edu\/hist\/wp-json\/wp\/v2\/pages\/1149\/revisions\/1915"}],"up":[{"embeddable":true,"href":"https:\/\/dornsife.usc.edu\/hist\/wp-json\/wp\/v2\/pages\/821"}],"wp:attachment":[{"href":"https:\/\/dornsife.usc.edu\/hist\/wp-json\/wp\/v2\/media?parent=1149"}],"curies":[{"name":"wp","href":"https:\/\/api.w.org\/{rel}","templated":true}]}}