{"id":536,"date":"2023-01-26T00:53:38","date_gmt":"2023-01-26T00:53:38","guid":{"rendered":"https:\/\/dornsife.usc.edu\/fren-ital\/?page_id=536"},"modified":"2025-11-04T19:40:37","modified_gmt":"2025-11-05T03:40:37","slug":"b-a-in-french-with-honors","status":"publish","type":"page","link":"https:\/\/dornsife.usc.edu\/fren-ital\/french-undergraduate-program\/b-a-in-french-with-honors\/","title":{"rendered":"B.A. in French with Honors"},"content":{"rendered":"\n\n\n  \n    \n\n\n\n\n\n\n<div\n  class=\"cc--component-container cc--featured-block \"\n\n  \n  \n  \n  \n  \n  \n  >\n  <div class=\"c--component c--featured-block\"\n    \n      >\n\n    \n  <div class=\"text-image-container\">\n    <div class=\"text-container\">\n\n      \n                  \n<div class=\"f--field f--section-title\">\n\n    \n  <h2>\n          Consider graduating in French with Honors!\n      <\/h2>\n\n\n<\/div>\n      \n                  \n<div class=\"f--field f--description\">\n\n    \n  <p>Are you a French major (or thinking about becoming one)? Do you enjoy independent research? If so,\u00a0you should consider doing an honors thesis in French.<\/p>\n<p>As an honors student, you will have the opportunity to work closely with French faculty on\u00a0a thesis project related to your research interests. Each student who successfully completes an honors thesis receives the designation \u201cB.A. in French with Honors\u201d on their transcript, and an award.<\/p>\n<p>The B.A. in French with honors is available to students who have an overall G.P.A. of 3.0 and a G.P.A. of at least 3.5 in courses counted for French major credit.<\/p>\n<p>To fulfill the requirements of the Honors Program, you must complete <strong>three 400-level courses<\/strong> and write an <strong>Honors Thesis<\/strong> of <strong>25-30 pages<\/strong>, in French, in conjunction with a 400-level course on a subject agreed upon with the course instructor.\u00a0 You will have up to two semesters to complete the thesis.<\/p>\n<p>The Honors Thesis will be read by the course instructor and by a second faculty reader.<\/p>\n<p>For further information, please contact the\u00a0 director of the Honors Program in French, <strong>Dr. Antonia Szabari<\/strong> (THH 155B).<\/p>\n\n\n\n<\/div>\n      \n                  \n<div class=\"f--field f--link\">\n\n    \n    \n  \n<a \n  class=\"link\"\n  href= mailto:szabari@usc.edu?subject=BA%20in%20French%20with%20Honors\n    aria-label=\"Read more about Contact Dr. Szabari \"  \n>\n    Contact Dr. Szabari  \n  <svg version=\"1.1\" xmlns=\"http:\/\/www.w3.org\/2000\/svg\" xmlns:xlink=\"http:\/\/www.w3.org\/1999\/xlink\" x=\"0px\" y=\"0px\" viewBox=\"0 0 35 35\" enable-background=\"new 0 0 35 35\" width=\"25\" height=\"25\" xml:space=\"preserve\"><polygon fill-rule=\"evenodd\" clip-rule=\"evenodd\" fill=\"#000\" points=\"19.3,27.5 29.3,17.5,19.3,7.5 16.3,10.4 21.4,15.4 6.7,15.4 6.7,19.6 21.4,19.6 16.3,24.6 \"\/><\/svg>\n<\/a>\n\n\n<\/div>\n\n          <\/div>\n\n          <div class=\"image-container\">\n            \n<div class=\"f--field f--image\">\n\n    \n    \n    \n    \n    \n    \n              \n      <img\n                            data-src=\"https:\/\/dornsife.usc.edu\/fren-ital\/wp-content\/uploads\/sites\/55\/2025\/11\/222-7-2-768x768.png\"\n          data-srcset=\"https:\/\/dornsife.usc.edu\/fren-ital\/wp-content\/uploads\/sites\/55\/2025\/11\/222-7-2-768x768.png 768w\"          data-sizes=\"(min-width:1024px) 50vw, (min-width:768px) 100vw, 100vw\"          class=\"lazyload\"\n        \n                  role=\"none\"\n        \n        \n                                      \/>\n\n    \n    \n  \n  \n\n<\/div>\n      <\/div>\n    \n  <\/div>\n\n\n  <\/div><\/div>\n\n\n\n  \n    \n\n\n\n\n\n\n<div\n  class=\"cc--component-container cc--featured-block image-left\"\n\n  \n  \n  \n  \n  \n  \n  >\n  <div class=\"c--component c--featured-block\"\n    \n      >\n\n    \n  <div class=\"text-image-container\">\n    <div class=\"text-container\">\n\n                  \n<div class=\"f--field f--eyebrow\">\n\n    \n  <span>Recent graduates<\/span>\n\n\n<\/div>\n      \n                  \n<div class=\"f--field f--section-title\">\n\n    \n  <h2>\n          Meet our Honors Students\n      <\/h2>\n\n\n<\/div>\n      \n                  \n<div class=\"f--field f--description\">\n\n    \n  <p><strong>2024-25<\/strong><\/p>\n<p class=\"p2\">Isabella Ge<\/p>\n<p class=\"p2\">Title: <em>A travers le regard de Claire Denis: La propri\u00e9t\u00e9 terrienne et la situation des sujets coloniaux\/Through the lens of Claire Denis: Land ownership and the predicament of postcolonial subjects&#8221;.<\/em><\/p>\n<p class=\"p2\">Madeline Tozer<\/p>\n<p class=\"p2\"><em>Between Order and Chaos: A Nietzschean Reading of Claude Debussy and Erik Satie during the<span class=\"apple-converted-space\">\u00a0<\/span>Belle Epoque<span class=\"apple-converted-space\">\u00a0<\/span>in Paris\/ Entre ordre et chaos : une lecture nietzsch\u00e9enne de Claude Debussy et Erik Satie \u00e0 la Belle \u00c9poque \u00e0 Paris<\/em><\/p>\n<p><strong>2020-21 <\/strong><\/p>\n<p>Maddie Kutler, Mallory Novicoff, Britta Purcell, Henry Coquillard<\/p>\n<p><strong>2019-20 <\/strong><\/p>\n<p>Olivia Steinkamp, Rebecca Bracanga<\/p>\n<p><strong>2018-19<\/strong><\/p>\n<p>Arianna Wood, Brooke Baledge, Christian Shearer, Justine Kim, Summer Zofrea, Sam Wands<\/p>\n<p><strong>2017-18<\/strong><\/p>\n<p>Julianna Coleman, Edwin Lamothe<\/p>\n\n\n\n<\/div>\n      \n          <\/div>\n\n          <div class=\"image-container\">\n            \n<div class=\"f--field f--image\">\n\n    \n    \n    \n    \n    \n    \n              \n      <img\n                            data-src=\"https:\/\/dornsife.usc.edu\/fren-ital\/wp-content\/uploads\/sites\/55\/2025\/11\/222-7-3-768x768.png\"\n          data-srcset=\"https:\/\/dornsife.usc.edu\/fren-ital\/wp-content\/uploads\/sites\/55\/2025\/11\/222-7-3-768x768.png 768w\"          data-sizes=\"(min-width:1024px) 50vw, (min-width:768px) 100vw, 100vw\"          class=\"lazyload\"\n        \n                  role=\"none\"\n        \n        \n                                      \/>\n\n    \n    \n  \n  \n\n<\/div>\n      <\/div>\n    \n  <\/div>\n\n\n  <\/div><\/div>\n","protected":false},"excerpt":{"rendered":"","protected":false},"author":76,"featured_media":4226,"parent":522,"menu_order":2,"comment_status":"closed","ping_status":"closed","template":"","meta":{"_acf_changed":false,"footnotes":""},"class_list":["post-536","page","type-page","status-publish","has-post-thumbnail","hentry"],"acf":[],"yoast_head":"<!-- This site is optimized with the Yoast SEO plugin v27.1.1 - https:\/\/yoast.com\/product\/yoast-seo-wordpress\/ -->\n<title>B.A. in French with Honors - Department of French and Italian<\/title>\n<meta name=\"robots\" content=\"index, follow, max-snippet:-1, max-image-preview:large, max-video-preview:-1\" \/>\n<link rel=\"canonical\" href=\"https:\/\/dornsife.usc.edu\/fren-ital\/french-undergraduate-program\/b-a-in-french-with-honors\/\" \/>\n<meta property=\"og:locale\" content=\"en_US\" \/>\n<meta property=\"og:type\" content=\"article\" \/>\n<meta property=\"og:title\" content=\"B.A. in French with Honors - Department of French and Italian\" \/>\n<meta property=\"og:url\" content=\"https:\/\/dornsife.usc.edu\/fren-ital\/french-undergraduate-program\/b-a-in-french-with-honors\/\" \/>\n<meta property=\"og:site_name\" content=\"Department of French and Italian\" \/>\n<meta property=\"article:modified_time\" content=\"2025-11-05T03:40:37+00:00\" \/>\n<meta property=\"og:image\" content=\"https:\/\/dornsife.usc.edu\/fren-ital\/wp-content\/uploads\/sites\/55\/2025\/11\/222-9-3.png\" \/>\n\t<meta property=\"og:image:width\" content=\"1444\" \/>\n\t<meta property=\"og:image:height\" content=\"813\" \/>\n\t<meta property=\"og:image:type\" content=\"image\/png\" \/>\n<meta name=\"twitter:card\" content=\"summary_large_image\" \/>\n<script type=\"application\/ld+json\" class=\"yoast-schema-graph\">{\"@context\":\"https:\/\/schema.org\",\"@graph\":[{\"@type\":\"WebPage\",\"@id\":\"https:\/\/dornsife.usc.edu\/fren-ital\/french-undergraduate-program\/b-a-in-french-with-honors\/\",\"url\":\"https:\/\/dornsife.usc.edu\/fren-ital\/french-undergraduate-program\/b-a-in-french-with-honors\/\",\"name\":\"B.A. in French with Honors - Department of French and Italian\",\"isPartOf\":{\"@id\":\"https:\/\/dornsife.usc.edu\/fren-ital\/#website\"},\"primaryImageOfPage\":{\"@id\":\"https:\/\/dornsife.usc.edu\/fren-ital\/french-undergraduate-program\/b-a-in-french-with-honors\/#primaryimage\"},\"image\":{\"@id\":\"https:\/\/dornsife.usc.edu\/fren-ital\/french-undergraduate-program\/b-a-in-french-with-honors\/#primaryimage\"},\"thumbnailUrl\":\"https:\/\/dornsife.usc.edu\/fren-ital\/wp-content\/uploads\/sites\/55\/2025\/11\/222-9-3.png\",\"datePublished\":\"2023-01-26T00:53:38+00:00\",\"dateModified\":\"2025-11-05T03:40:37+00:00\",\"breadcrumb\":{\"@id\":\"https:\/\/dornsife.usc.edu\/fren-ital\/french-undergraduate-program\/b-a-in-french-with-honors\/#breadcrumb\"},\"inLanguage\":\"en-US\",\"potentialAction\":[{\"@type\":\"ReadAction\",\"target\":[\"https:\/\/dornsife.usc.edu\/fren-ital\/french-undergraduate-program\/b-a-in-french-with-honors\/\"]}]},{\"@type\":\"ImageObject\",\"inLanguage\":\"en-US\",\"@id\":\"https:\/\/dornsife.usc.edu\/fren-ital\/french-undergraduate-program\/b-a-in-french-with-honors\/#primaryimage\",\"url\":\"https:\/\/dornsife.usc.edu\/fren-ital\/wp-content\/uploads\/sites\/55\/2025\/11\/222-9-3.png\",\"contentUrl\":\"https:\/\/dornsife.usc.edu\/fren-ital\/wp-content\/uploads\/sites\/55\/2025\/11\/222-9-3.png\",\"width\":1444,\"height\":813},{\"@type\":\"BreadcrumbList\",\"@id\":\"https:\/\/dornsife.usc.edu\/fren-ital\/french-undergraduate-program\/b-a-in-french-with-honors\/#breadcrumb\",\"itemListElement\":[{\"@type\":\"ListItem\",\"position\":1,\"name\":\"Home\",\"item\":\"https:\/\/dornsife.usc.edu\/fren-ital\/\"},{\"@type\":\"ListItem\",\"position\":2,\"name\":\"French Undergraduate Program\",\"item\":\"https:\/\/dornsife.usc.edu\/fren-ital\/french-undergraduate-program\/\"},{\"@type\":\"ListItem\",\"position\":3,\"name\":\"B.A. in French with Honors\"}]},{\"@type\":\"WebSite\",\"@id\":\"https:\/\/dornsife.usc.edu\/fren-ital\/#website\",\"url\":\"https:\/\/dornsife.usc.edu\/fren-ital\/\",\"name\":\"Department of French and Italian\",\"description\":\"USC Dornsife Department of French and Italian\",\"potentialAction\":[{\"@type\":\"SearchAction\",\"target\":{\"@type\":\"EntryPoint\",\"urlTemplate\":\"https:\/\/dornsife.usc.edu\/fren-ital\/?s={search_term_string}\"},\"query-input\":{\"@type\":\"PropertyValueSpecification\",\"valueRequired\":true,\"valueName\":\"search_term_string\"}}],\"inLanguage\":\"en-US\"}]}<\/script>\n<!-- \/ Yoast SEO plugin. -->","yoast_head_json":{"title":"B.A. in French with Honors - Department of French and Italian","robots":{"index":"index","follow":"follow","max-snippet":"max-snippet:-1","max-image-preview":"max-image-preview:large","max-video-preview":"max-video-preview:-1"},"canonical":"https:\/\/dornsife.usc.edu\/fren-ital\/french-undergraduate-program\/b-a-in-french-with-honors\/","og_locale":"en_US","og_type":"article","og_title":"B.A. in French with Honors - Department of French and Italian","og_url":"https:\/\/dornsife.usc.edu\/fren-ital\/french-undergraduate-program\/b-a-in-french-with-honors\/","og_site_name":"Department of French and Italian","article_modified_time":"2025-11-05T03:40:37+00:00","og_image":[{"width":1444,"height":813,"url":"https:\/\/dornsife.usc.edu\/fren-ital\/wp-content\/uploads\/sites\/55\/2025\/11\/222-9-3.png","type":"image\/png"}],"twitter_card":"summary_large_image","schema":{"@context":"https:\/\/schema.org","@graph":[{"@type":"WebPage","@id":"https:\/\/dornsife.usc.edu\/fren-ital\/french-undergraduate-program\/b-a-in-french-with-honors\/","url":"https:\/\/dornsife.usc.edu\/fren-ital\/french-undergraduate-program\/b-a-in-french-with-honors\/","name":"B.A. in French with Honors - Department of French and Italian","isPartOf":{"@id":"https:\/\/dornsife.usc.edu\/fren-ital\/#website"},"primaryImageOfPage":{"@id":"https:\/\/dornsife.usc.edu\/fren-ital\/french-undergraduate-program\/b-a-in-french-with-honors\/#primaryimage"},"image":{"@id":"https:\/\/dornsife.usc.edu\/fren-ital\/french-undergraduate-program\/b-a-in-french-with-honors\/#primaryimage"},"thumbnailUrl":"https:\/\/dornsife.usc.edu\/fren-ital\/wp-content\/uploads\/sites\/55\/2025\/11\/222-9-3.png","datePublished":"2023-01-26T00:53:38+00:00","dateModified":"2025-11-05T03:40:37+00:00","breadcrumb":{"@id":"https:\/\/dornsife.usc.edu\/fren-ital\/french-undergraduate-program\/b-a-in-french-with-honors\/#breadcrumb"},"inLanguage":"en-US","potentialAction":[{"@type":"ReadAction","target":["https:\/\/dornsife.usc.edu\/fren-ital\/french-undergraduate-program\/b-a-in-french-with-honors\/"]}]},{"@type":"ImageObject","inLanguage":"en-US","@id":"https:\/\/dornsife.usc.edu\/fren-ital\/french-undergraduate-program\/b-a-in-french-with-honors\/#primaryimage","url":"https:\/\/dornsife.usc.edu\/fren-ital\/wp-content\/uploads\/sites\/55\/2025\/11\/222-9-3.png","contentUrl":"https:\/\/dornsife.usc.edu\/fren-ital\/wp-content\/uploads\/sites\/55\/2025\/11\/222-9-3.png","width":1444,"height":813},{"@type":"BreadcrumbList","@id":"https:\/\/dornsife.usc.edu\/fren-ital\/french-undergraduate-program\/b-a-in-french-with-honors\/#breadcrumb","itemListElement":[{"@type":"ListItem","position":1,"name":"Home","item":"https:\/\/dornsife.usc.edu\/fren-ital\/"},{"@type":"ListItem","position":2,"name":"French Undergraduate Program","item":"https:\/\/dornsife.usc.edu\/fren-ital\/french-undergraduate-program\/"},{"@type":"ListItem","position":3,"name":"B.A. in French with Honors"}]},{"@type":"WebSite","@id":"https:\/\/dornsife.usc.edu\/fren-ital\/#website","url":"https:\/\/dornsife.usc.edu\/fren-ital\/","name":"Department of French and Italian","description":"USC Dornsife Department of French and Italian","potentialAction":[{"@type":"SearchAction","target":{"@type":"EntryPoint","urlTemplate":"https:\/\/dornsife.usc.edu\/fren-ital\/?s={search_term_string}"},"query-input":{"@type":"PropertyValueSpecification","valueRequired":true,"valueName":"search_term_string"}}],"inLanguage":"en-US"}]}},"_links":{"self":[{"href":"https:\/\/dornsife.usc.edu\/fren-ital\/wp-json\/wp\/v2\/pages\/536","targetHints":{"allow":["GET"]}}],"collection":[{"href":"https:\/\/dornsife.usc.edu\/fren-ital\/wp-json\/wp\/v2\/pages"}],"about":[{"href":"https:\/\/dornsife.usc.edu\/fren-ital\/wp-json\/wp\/v2\/types\/page"}],"author":[{"embeddable":true,"href":"https:\/\/dornsife.usc.edu\/fren-ital\/wp-json\/wp\/v2\/users\/76"}],"replies":[{"embeddable":true,"href":"https:\/\/dornsife.usc.edu\/fren-ital\/wp-json\/wp\/v2\/comments?post=536"}],"version-history":[{"count":27,"href":"https:\/\/dornsife.usc.edu\/fren-ital\/wp-json\/wp\/v2\/pages\/536\/revisions"}],"predecessor-version":[{"id":4269,"href":"https:\/\/dornsife.usc.edu\/fren-ital\/wp-json\/wp\/v2\/pages\/536\/revisions\/4269"}],"up":[{"embeddable":true,"href":"https:\/\/dornsife.usc.edu\/fren-ital\/wp-json\/wp\/v2\/pages\/522"}],"wp:featuredmedia":[{"embeddable":true,"href":"https:\/\/dornsife.usc.edu\/fren-ital\/wp-json\/wp\/v2\/media\/4226"}],"wp:attachment":[{"href":"https:\/\/dornsife.usc.edu\/fren-ital\/wp-json\/wp\/v2\/media?parent=536"}],"curies":[{"name":"wp","href":"https:\/\/api.w.org\/{rel}","templated":true}]}}