{"id":5012,"date":"2024-02-09T21:52:05","date_gmt":"2024-02-09T21:52:05","guid":{"rendered":"https:\/\/dornsife.usc.edu\/emsi\/?page_id=5012"},"modified":"2025-08-25T22:08:39","modified_gmt":"2025-08-25T22:08:39","slug":"past-special-events","status":"publish","type":"page","link":"https:\/\/dornsife.usc.edu\/emsi\/past-special-events\/","title":{"rendered":"Past Co-Sponsored Events"},"content":{"rendered":"\n\n\n\n  \n    \n\n\n\n\n\n\n<div\n  class=\"cc--component-container cc--rich-text \"\n\n  \n  \n  \n  \n  \n  \n  >\n  <div class=\"c--component c--rich-text\"\n    \n      >\n\n    \n      \n<div class=\"f--field f--wysiwyg\">\n\n    \n  <p><strong>May 8, 2025<\/strong><br \/>\n<strong>Levan Institute for the Humanities Book Chat with Emily Hodgson Anderson<\/strong><br \/>\n<em>Shadow Work: Loneliness and the Literary Life<\/em><br \/>\nJulia Lee, Loyola Marymount University, and Anahid Nersessian, UCLA, discussants<br \/>\nDana Johnson, USC, moderator<br \/>\nOnline event<br \/>\n<em>Co-sponsored by the Levan Institute for the Humanities, USC Department of English, and the USC-Huntington Early Modern Studies Institute.<\/em><\/p>\n<p><strong>May 2, 2025<\/strong><br \/>\n<strong>Huntington-USC Institute on California &amp; the West 20th Anniversary Conference<\/strong><br \/>\n<strong>Dam Nation: The Fate &amp; Future of Dams in the American West<\/strong><br \/>\nHuntington Library<br \/>\n<em>This conference is sponsored by the Huntington-USC Institute on California and the West and co-sponsored by the USC-Huntington Early Modern Studies Institute.<\/em><\/p>\n<p><strong>April 8, 2025<\/strong><br \/>\n<strong>Levan Institute for the Humanities Book Chat with Lindsay O&#8217;Neill<\/strong><br \/>\n<em>The Two Princes of Mpfumo: An Early Eighteenth-Century Journey into and out of Slavery<\/em><br \/>\nCatherine Molineaux, Vanderbilt University, and Asheesh Siddique, University of Massachusetts, Amherst, discussants<br \/>\nPeter Mancall, USC, moderator<br \/>\nOnline event<br \/>\n<em>This event is co-sponsored by the Levan Institute for the Humanities, USC-Huntington Early Modern Studies Institute, and Van Hunnick History Department.<\/em><\/p>\n<p><strong>March 28 &amp; 29, 2025<\/strong><br \/>\n<strong>&#8220;Russian Afterlives of the Early Modern&#8221;<\/strong><br \/>\nUSC<\/p>\n<p>Conference organizers<br \/>\nKelsey Rubin-Detlev, USC<br \/>\nColleen McQuillen, USC<\/p>\n<p>Speakers<br \/>\nFrederic Clark, USC<br \/>\nErica Camisa Morale, Stanford University<br \/>\nLuba Golburt, UC Berkeley<br \/>\nOleg Lekmanov, Tashkent\/Princeton University<br \/>\nRebecca Lemon, USC<br \/>\nChloe Papadopoulos, USC<br \/>\nSasha Pchelintseva, USC<br \/>\nIgor Pilschchikov, UCLA<br \/>\nEllina Sattarova, USC<br \/>\nThomas Seifrid, USC<br \/>\nIlya Vinitsky, Princeton University<br \/>\nErik Zitser, Duke University<\/p>\n<p><em>This event is co-sponsored by the USC Department of Slavic Literature and Languages; the USC Van Hunnick History Department; the USC-Huntington Early Modern Studies Institute; the USC Visual Studies Research Institute; the USC Center for International Studies; and the USC Levan Institute for the Humanities.<\/em><\/p>\n<p><strong>November 14, 2024<\/strong><br \/>\n<strong><em>Legend of Destruction<\/em> Screening<\/strong><br \/>\nOnline event<br \/>\n<em>This event is co-sponsored by the USC-Huntington Early Modern Studies Institute, USC Department of History, and USC Department of Jewish Studies.<\/em><\/p>\n<p><strong>October 28 &#8211; December 18, 2024<\/strong><br \/>\n<strong>&#8220;Josephus, Translated and Transformed: From the 1st Century to the 21st Century&#8221;<\/strong><br \/>\nExhibition in USC Libraries Special Collections, Doheny Memorial Library<br \/>\n<em>This event is co-sponsored by the USC-Huntington Early Modern Studies Institute, USC Department of History, and USC Department of Jewish Studies.<\/em><\/p>\n<p><strong>October 4, 2024<\/strong><br \/>\n<strong>Nova Forum Symposium with Peter Harrison, University of Queensland<\/strong><br \/>\n&#8220;Nature after Disenchantment: New Histories of Religion and Science&#8221;<br \/>\nUSC<\/p>\n<p>Participants<br \/>\nPeter Harrison, University of Queensland<br \/>\nDavid Albertson, USC Religion &amp; Nova Forum<br \/>\nAlexandre Roberts, USC Classics<br \/>\nJessica Zu, USC Religion<br \/>\nSusanna Berger, USC Art History &amp; Philosophy<br \/>\nFrederic Clark, USC Classics<br \/>\nJanet Hoskins, USC Anthropology &amp; Religion<\/p>\n<p><em>This event is co-sponsored by the USC-Huntington Early Modern Studies Institute, USC School of Religion, and Religious Ecologies Project, Nova Forum, and CHARM.<\/em><\/p>\n<p><strong>October 3, 2024<\/strong><br \/>\n<strong>Nova Forum Science &amp; Religion Series with Peter Harrison, University of Queensland<\/strong><br \/>\n&#8220;The Battle of Science and Religion? New Perspectives on a Troubled Relationship&#8221;<br \/>\nUSC<\/p>\n<p><strong>September 30, 2024<\/strong><br \/>\n<strong>Levan Institute for the Humanities Book Chat with Nathan Perl-Rosenthal<\/strong><br \/>\nThe Age of Revolutions and the Generations Who Made It<br \/>\nDavid Armitage, Harvard University, and Marlene Daut, Yale University, discussants<br \/>\nBob Shrum, USC, moderator<br \/>\nOnline event<br \/>\n<em>This event is co-sponsored by the USC-Huntington Early Modern Studies Institute, Department of French and Italian, and the Levan Institute for the Humanities.<\/em><\/p>\n<p><strong>June 19-21, 2024<\/strong><br \/>\n<strong>&#8220;Vast Early America: A Transcontinental Conversation&#8221;<\/strong><br \/>\nUniversity of Poitiers<br \/>\n<em>This conference was co-sponsored by the USC-Huntington Early Modern Studies Institute, MIMMOC (M\u00e9moires, Identit\u00e9s, Marginalit\u00e9s dans le Monde Occidental Contemporain), and MSHS Poitiers.<\/em><\/p>\n<p>&nbsp;<\/p>\n<p><span style=\"text-decoration: underline;\"><strong>Past Special Events<\/strong><\/span><\/p>\n<p><strong>May 3 &amp; 4, 2024<\/strong><br \/>\n<strong>&#8220;Craft and Crafting in the Early Modern World&#8221;<\/strong><br \/>\nHuntington Library<\/p>\n<p>Conference Organizers<br \/>\nAnne Goldgar, USC<br \/>\nEthan Matt Kavaler, University of Toronto<\/p>\n<p>Presenters<br \/>\nFrederic Clark, USC<br \/>\nAdam Knight Gilbert, USC<br \/>\nLaura Hutchingame, UCLA<br \/>\nRichard Ibarra, USC<br \/>\nEthan Matt Kavaler, University of Toronto<br \/>\nAlexander Mazzaferro, UCLA<br \/>\nMarina Nye, UCLA<br \/>\nAmy Powell, USC<br \/>\nEyal Sagie Pundik, University of Toronto<br \/>\nWenyi Qian, University of Toronto<br \/>\nJohn Rogers, University of Toronto<br \/>\nSean Silvers, Rutgers University<br \/>\nPaul Stevens, University of Toronto<br \/>\nMisha Teramura, University of Toronto<br \/>\nAndrea Walkden, University of Toronto<br \/>\nDeanne Williams, York University, Toronto<\/p>\n<p><strong>November 10 &amp; 11, 2023<\/strong><br \/>\n<strong>&#8220;Women in Art and Science in the Early Modern World&#8221;<\/strong><br \/>\nHuntington Library<\/p>\n<p>Conference Co-organizers<br \/>\nDaniela Bleichmar, USC<br \/>\nNicole LaBouff, LACMA<\/p>\n<p>Presenters<br \/>\nElaine M. Ayers, New York University<br \/>\nJanet Browne, Harvard University<br \/>\nMargaret Carlyle, The University of British Columbia, Okanagan<br \/>\nJessica C. Linker, Northeastern University<br \/>\nLaura Mitchell, University of California, Irvine<br \/>\nCarole Nataf, Courtauld Institute of Art<br \/>\nSarah Waheed, University of South Carolina<br \/>\nWinnie Wong, University of California, Berkeley<\/p>\n<p><strong>November 29 &amp; 30, 2018<\/strong><br \/>\n<strong>&#8220;Libertine Botany&#8221;\u00a0<\/strong><br \/>\nUSC<\/p>\n<p>Conference Co-organizers<br \/>\nNatania Meeker, USC French<br \/>\nAnt\u00f3nia Szabani, USC Comparative Literature<\/p>\n<p>Presenters<br \/>\nJustin Begley, University of Helsinki<br \/>\nSarah Benharrech, University of Maryland<br \/>\nDominique Brancher, University of Basel<br \/>\nAmanda Jo Goldstein, UC Berkeley<br \/>\nPauline Goul, Vassar College<br \/>\nDevin Griffiths, USC<br \/>\nBlanca Miss\u00e9, San Francisco State University<br \/>\nVin Nardizzi, The University of British Columbia<br \/>\nJessica Rath, Art Center College of Design<br \/>\nJessica Rosenberg, University of Miami<br \/>\nSherry Velasco, USC<\/p>\n<p><strong>December 2, 2016<\/strong><br \/>\n<strong>&#8220;Paper in the Early Modern Atlantic World&#8221;<\/strong><br \/>\nHuntington Library<\/p>\n<p>Colloquium organizer: Nathan Perl-Rosenthal, USC<\/p>\n<p>Participants<br \/>\nDaniela Bleichmar, USC<br \/>\nJana Dambrogio, MIT<br \/>\nAlejandra Dubcovsky, UC Riverside<br \/>\nDeborah Harkness, USC<br \/>\nPatricia Seed, UC Irvine<br \/>\nSylvia Sellers-Garc\u00eda, Boston College<br \/>\nAsheesh Siddique, USC<br \/>\nKatherine Smoak, Johns Hopkins University<\/p>\n<p><strong>May 11, 2012<\/strong><br \/>\n<strong>&#8220;Portraits of the Traveler: The Art of Mediating Between East &amp; West&#8221;<\/strong><br \/>\nHuntington Library<\/p>\n<p>Mich\u00e8le Longino, Duke University<br \/>\n&#8220;Jean de Th\u00e9vonot: Travels, Adventures, and Observations of a Voyager to the Levant&#8221;<\/p>\n<p>Faith Beasley, Dartmouth College<br \/>\n&#8220;The Wordly Traveler: Salons and Les Indes orientales in 17th-Century France&#8221;<\/p>\n<p>Amy Landau, The Walters Art Museum<br \/>\n&#8220;The Bashi in Breeches: Portrayals of Cosmopolitan Communities in 17th-Century Safavid Oil Painting&#8221;<\/p>\n<p>Margaret Rosenthal, USC<br \/>\n&#8220;The Serenissima and Sublime Porte: Cesare Vecellio&#8217;s Admiration of the Ottoman Empire&#8221;<\/p>\n<p>Ann R. Jones, Smith College<br \/>\n&#8220;Pietro della Valle in the East: Dressing Up for Egypt, Persia, and India&#8221;<\/p>\n<p><strong>February 8, 2011<\/strong><\/p>\n<p>Deborah Harkness, USC<br \/>\n<em>A Discovery of Witches<\/em>, A Novel<br \/>\nUSC<\/p>\n<p><strong>September 17, 2010<\/strong><br \/>\n<strong>&#8220;Alchemy and Economy Workshop: Circulations of Value in Early Modern Europe&#8221;<\/strong><br \/>\nHuntington Library<\/p>\n<p>Vera Keller, USC<br \/>\n&#8220;Perfecting the State: Alchemical Views of Progress in Politics, 1575\u20131625&#8221;<\/p>\n<p>Carl Wennerlind, Barnard College<br \/>\n&#8220;Alchemy and Credit: The Quest for Infinite Improvement&#8221;<\/p>\n<p>Ted McCormick, Concordia University<br \/>\n&#8220;The Economics of Alchemy and the Alchemy of Economics&#8221;<\/p>\n<p>Margaret Garber, CSU Fullerton<br \/>\n&#8220;Curious Commodities: Routes of chymical exchange in the Holy Roman Empire, 1670\u20131700&#8221;<\/p>\n<p>Lydia Barnett, Stanford University<br \/>\n&#8220;The Theology of Improvement: Natural and Sacred Histories of the Earth&#8221;<\/p>\n<p>Andre Wakefield, Pitzer College<br \/>\n&#8220;Matter, Mechanism and Monads: The Leibnizian Challenge&#8221;<\/p>\n<p><strong>April 10, 2008<\/strong><br \/>\n<strong>&#8220;The Spiritual Life of Plants&#8221;<\/strong><br \/>\nHuntington Library<\/p>\n<p>Organizers:<br \/>\nNatania Meeker, USC<br \/>\nAntonia Szabari, USC<\/p>\n<p>Dominique Brancher, University of Geneva<br \/>\nTom Conley, Harvard University<br \/>\nFran\u00e7oise Delaporte, Universit\u00e9 de Picardie<br \/>\nEleanor Kaufman, UCLA<br \/>\nPierre Saint-Armand, Brown University<\/p>\n<p><strong>February 28, 2006<\/strong><br \/>\n<strong>&#8220;Veronica Franco&#8217;s Renaissance from Honest Courtesan to Dangerous Beauty&#8221;<br \/>\n<\/strong>USC<\/p>\n<p>Margaret Rosenthal, USC<br \/>\nRandolph Starn, UC Berkeley<br \/>\nMarshall Herskovitz, Director and Producer<br \/>\nJeannine Dominy, Screenwriter<br \/>\nSuzi Dietz, Musical producer<\/p>\n<p><strong>February 10, 2006<\/strong><br \/>\n<strong>&#8220;Different Natures: Hermaphrodites &amp; Pregnant Men in the Early Modern World&#8221;<br \/>\n<\/strong>USC<\/p>\n<p>Tamer El-Leithy, Harvard Society of Fellows<br \/>\n&#8220;Transgender, Transgenre: Anomalous Sexuality in the Medieval Middle East&#8221;<\/p>\n<p>Sherry Velasco, University of Kentucky<br \/>\n&#8220;The Politics of Male Pregnancy in Early Modern Spain&#8221;<\/p>\n<p>Leah M. Devun, Texas A&amp;M University<br \/>\n&#8220;Jesus as Hermaphrodite: Alchemy &amp; Sex Difference in Pre-Modern Europe&#8221;<\/p>\n<p>Kathleen Perry Long, Cornell University<br \/>\n&#8220;The Hermaphrodite &amp; the Sexual Politics of Alchemy in Early Modern France&#8221;<\/p>\n<p><strong>October 8, 2005<br \/>\n&#8220;The Body&#8217;s Secrets Unlocked: Early Modern Anatomy and Anatomies&#8221;<br \/>\n<\/strong>Huntington Library<\/p>\n<p>Mary Fissel, Johns Hopkins University<br \/>\nAnita Guerrini, UC Santa Barbara<br \/>\nCindy Klestinec, Georgia Institute of Technology<br \/>\nKatherine Park, Harvard University<br \/>\nCharlotte Furth, USC<\/p>\n<p><strong>May 28, 2005<br \/>\n&#8220;Family Matters: Geneaology &amp; History in the Early Modern World&#8221;\u00a0<\/strong><br \/>\nHuntington Library<\/p>\n<p>Organizer: Karen Halttunen, USC<\/p>\n<p>Andres Resendez, UC Davis<br \/>\n&#8220;Genetics, Population Movements, and Family Matters in Mexico and the American Southwest&#8221;<\/p>\n<p>Michael Szonyi, University of Toronto<br \/>\n&#8220;The Multiple Uses of Chinese Genealogy, or, How to Dodge the Draft, Cheat on Your Taxes, and Forge a New Identity in Sixteenth-Century South China&#8221;<\/p>\n<p>Deborah Harkness, USC<br \/>\n&#8220;Scientific Dynasties in Early Modern England&#8221;<\/p>\n<p>Karin Wulf, College of William and Mary<br \/>\n&#8220;The Practice of Identity in Eighteenth-Century Anglo-America&#8221;<\/p>\n<p><strong>May 21, 2005<\/strong><br \/>\n<strong>&#8220;Visibility and Genre in the Americas&#8221;<\/strong><br \/>\nHuntington Library<\/p>\n<p>Thomas Cummins, Harvard University<br \/>\nSabine MacCormack, University of Notre Dame<\/p>\n<p><strong>April 16, 2005<\/strong><br \/>\n<strong>&#8220;Cartography and Empire&#8221;<\/strong><br \/>\nUSC<\/p>\n<p>Richard Kagan, Johns Hopkins University<br \/>\nBarbara Mundy, Fordham University<br \/>\nRicardo Padron, University of Virginia<br \/>\nNicolas Wey-Gomez, Brown University<\/p>\n<p><strong>March 19, 2005<\/strong><br \/>\n<strong>&#8220;Beasts of Land and Sea in the Early Modern Atlantic World&#8221;\u00a0<\/strong><br \/>\nHuntington Library<\/p>\n<p>Virginia Dejohn Anderson, University of Colorado<br \/>\n&#8220;Animals and Empire in Seventeenth-Century English America&#8221;<\/p>\n<p>Jon T. Coleman, University of Notre Dame<br \/>\n&#8220;Angry Farmers and Cringing Wolves: Brutality, Biology, and the American Conquest of the Northeastern Woods&#8221;<\/p>\n<p>D. Graham Burnett, Princeton University<br \/>\n&#8220;Is a Whale a Fish? Cetaceans and the Order of Nature&#8221;<\/p>\n<p>Peter C. Mancall, USC<br \/>\n&#8220;Monsters of the Atlantic World&#8221;<\/p>\n<p><strong>May 8, 2004<\/strong><br \/>\n<strong>The Institute Seminar<\/strong><br \/>\n<strong>David Goldstein, Stanford University<\/strong><br \/>\n&#8220;The Cook and the Carib: Cannibal Travel Narratives in Shakespeare&#8217;s <em>Titus Andronicus<\/em>&#8220;<\/p>\n\n\n\n<\/div>\n\n\n  <\/div><\/div>\n\n\n\n\n  \n    \n\n\n\n\n\n\n<div\n  class=\"cc--component-container cc--rich-text \"\n\n  \n  \n  \n  \n  \n  \n  >\n  <div class=\"c--component c--rich-text\"\n    \n      >\n\n    \n      \n<div class=\"f--field f--wysiwyg\">\n\n    \n  <p>Image: Detail from &#8220;Vallard Atlas,&#8221; (1547) HM 29 f.1, chart 9, North America, east coast. Portolan atlas. Courtesy of the Huntington Library.<\/p>\n\n\n\n<\/div>\n\n\n  <\/div><\/div>\n\n\n\n    \n  \n    \n\n\n\n\n\n\n<div\n  class=\"cc--component-container cc--full-width-cta \"\n\n  \n  \n  \n  \n  \n  \n  >\n  <div class=\"c--component c--full-width-cta\"\n    \n      >\n\n    \n<div class=\"inner-wrapper\">\n    \n      <div class=\"links-container\">\n        \n            \n<div class=\"f--field f--link\">\n\n    \n    \n  \n<a \n  class=\"link\"\n  href= https:\/\/dornsife.usc.edu\/emsi\/seminar-series\/\n    aria-label=\"Read more about All Seminars &amp; Conferences\"  \n>\n    All Seminars &amp; Conferences \n  <svg version=\"1.1\" xmlns=\"http:\/\/www.w3.org\/2000\/svg\" xmlns:xlink=\"http:\/\/www.w3.org\/1999\/xlink\" x=\"0px\" y=\"0px\" viewBox=\"0 0 35 35\" enable-background=\"new 0 0 35 35\" width=\"25\" height=\"25\" xml:space=\"preserve\"><polygon fill-rule=\"evenodd\" clip-rule=\"evenodd\" fill=\"#FC0\" points=\"19.3,27.5 29.3,17.5,19.3,7.5 16.3,10.4 21.4,15.4 6.7,15.4 6.7,19.6 21.4,19.6 16.3,24.6 \"\/><\/svg>\n<\/a>\n\n\n<\/div>\n        \n            \n<div class=\"f--field f--link\">\n\n    \n    \n  \n<a \n  class=\"link\"\n  href= https:\/\/dornsife.usc.edu\/emsi\/seminar-series\/co-sponsored-events\/\n    aria-label=\"Read more about Co-Sponsored Events\"  \n>\n    Co-Sponsored Events \n  <svg version=\"1.1\" xmlns=\"http:\/\/www.w3.org\/2000\/svg\" xmlns:xlink=\"http:\/\/www.w3.org\/1999\/xlink\" x=\"0px\" y=\"0px\" viewBox=\"0 0 35 35\" enable-background=\"new 0 0 35 35\" width=\"25\" height=\"25\" xml:space=\"preserve\"><polygon fill-rule=\"evenodd\" clip-rule=\"evenodd\" fill=\"#FC0\" points=\"19.3,27.5 29.3,17.5,19.3,7.5 16.3,10.4 21.4,15.4 6.7,15.4 6.7,19.6 21.4,19.6 16.3,24.6 \"\/><\/svg>\n<\/a>\n\n\n<\/div>\n          <\/div>\n  <\/div>\n\n\n\n  <\/div><\/div>\n","protected":false},"excerpt":{"rendered":"","protected":false},"author":608,"featured_media":8640,"parent":0,"menu_order":0,"comment_status":"closed","ping_status":"closed","template":"","meta":{"_acf_changed":false,"footnotes":""},"class_list":["post-5012","page","type-page","status-publish","has-post-thumbnail","hentry"],"acf":[],"yoast_head":"<!-- This site is optimized with the Yoast SEO plugin v27.1.1 - https:\/\/yoast.com\/product\/yoast-seo-wordpress\/ -->\n<title>Past Co-Sponsored Events - USC-Huntington Early Modern Studies Institute<\/title>\n<meta name=\"robots\" content=\"index, follow, max-snippet:-1, max-image-preview:large, max-video-preview:-1\" \/>\n<link rel=\"canonical\" href=\"https:\/\/dornsife.usc.edu\/emsi\/past-special-events\/\" \/>\n<meta property=\"og:locale\" content=\"en_US\" \/>\n<meta property=\"og:type\" content=\"article\" \/>\n<meta property=\"og:title\" content=\"Past Co-Sponsored Events - USC-Huntington Early Modern Studies Institute\" \/>\n<meta property=\"og:url\" content=\"https:\/\/dornsife.usc.edu\/emsi\/past-special-events\/\" \/>\n<meta property=\"og:site_name\" content=\"USC-Huntington Early Modern Studies Institute\" \/>\n<meta property=\"article:modified_time\" content=\"2025-08-25T22:08:39+00:00\" \/>\n<meta property=\"og:image\" content=\"https:\/\/dornsife.usc.edu\/emsi\/wp-content\/uploads\/sites\/66\/2025\/08\/EMSI-FY-26-Banner-Vallard_Atlas_28-768x349.png\" \/>\n\t<meta property=\"og:image:width\" content=\"768\" \/>\n\t<meta property=\"og:image:height\" content=\"349\" \/>\n\t<meta property=\"og:image:type\" content=\"image\/png\" \/>\n<meta name=\"twitter:card\" content=\"summary_large_image\" \/>\n<script type=\"application\/ld+json\" class=\"yoast-schema-graph\">{\"@context\":\"https:\/\/schema.org\",\"@graph\":[{\"@type\":\"WebPage\",\"@id\":\"https:\/\/dornsife.usc.edu\/emsi\/past-special-events\/\",\"url\":\"https:\/\/dornsife.usc.edu\/emsi\/past-special-events\/\",\"name\":\"Past Co-Sponsored Events - USC-Huntington Early Modern Studies Institute\",\"isPartOf\":{\"@id\":\"https:\/\/dornsife.usc.edu\/emsi\/#website\"},\"primaryImageOfPage\":{\"@id\":\"https:\/\/dornsife.usc.edu\/emsi\/past-special-events\/#primaryimage\"},\"image\":{\"@id\":\"https:\/\/dornsife.usc.edu\/emsi\/past-special-events\/#primaryimage\"},\"thumbnailUrl\":\"https:\/\/dornsife.usc.edu\/emsi\/wp-content\/uploads\/sites\/66\/2025\/08\/EMSI-FY-26-Banner-Vallard_Atlas_28.png\",\"datePublished\":\"2024-02-09T21:52:05+00:00\",\"dateModified\":\"2025-08-25T22:08:39+00:00\",\"breadcrumb\":{\"@id\":\"https:\/\/dornsife.usc.edu\/emsi\/past-special-events\/#breadcrumb\"},\"inLanguage\":\"en-US\",\"potentialAction\":[{\"@type\":\"ReadAction\",\"target\":[\"https:\/\/dornsife.usc.edu\/emsi\/past-special-events\/\"]}]},{\"@type\":\"ImageObject\",\"inLanguage\":\"en-US\",\"@id\":\"https:\/\/dornsife.usc.edu\/emsi\/past-special-events\/#primaryimage\",\"url\":\"https:\/\/dornsife.usc.edu\/emsi\/wp-content\/uploads\/sites\/66\/2025\/08\/EMSI-FY-26-Banner-Vallard_Atlas_28.png\",\"contentUrl\":\"https:\/\/dornsife.usc.edu\/emsi\/wp-content\/uploads\/sites\/66\/2025\/08\/EMSI-FY-26-Banner-Vallard_Atlas_28.png\",\"width\":1350,\"height\":614,\"caption\":\"detail from Vallard Atlas\"},{\"@type\":\"BreadcrumbList\",\"@id\":\"https:\/\/dornsife.usc.edu\/emsi\/past-special-events\/#breadcrumb\",\"itemListElement\":[{\"@type\":\"ListItem\",\"position\":1,\"name\":\"Home\",\"item\":\"https:\/\/dornsife.usc.edu\/emsi\/\"},{\"@type\":\"ListItem\",\"position\":2,\"name\":\"Past Co-Sponsored Events\"}]},{\"@type\":\"WebSite\",\"@id\":\"https:\/\/dornsife.usc.edu\/emsi\/#website\",\"url\":\"https:\/\/dornsife.usc.edu\/emsi\/\",\"name\":\"USC-Huntington Early Modern Studies Institute\",\"description\":\"Supporting advanced research of the early modern period.\",\"publisher\":{\"@id\":\"https:\/\/dornsife.usc.edu\/emsi\/#organization\"},\"potentialAction\":[{\"@type\":\"SearchAction\",\"target\":{\"@type\":\"EntryPoint\",\"urlTemplate\":\"https:\/\/dornsife.usc.edu\/emsi\/?s={search_term_string}\"},\"query-input\":{\"@type\":\"PropertyValueSpecification\",\"valueRequired\":true,\"valueName\":\"search_term_string\"}}],\"inLanguage\":\"en-US\"},{\"@type\":\"Organization\",\"@id\":\"https:\/\/dornsife.usc.edu\/emsi\/#organization\",\"name\":\"USC-Huntington Early Modern Studies Institute\",\"url\":\"https:\/\/dornsife.usc.edu\/emsi\/\",\"logo\":{\"@type\":\"ImageObject\",\"inLanguage\":\"en-US\",\"@id\":\"https:\/\/dornsife.usc.edu\/emsi\/#\/schema\/logo\/image\/\",\"url\":\"https:\/\/dornsife.usc.edu\/emsi\/wp-content\/uploads\/sites\/66\/2023\/09\/pineappleSQUARE.png\",\"contentUrl\":\"https:\/\/dornsife.usc.edu\/emsi\/wp-content\/uploads\/sites\/66\/2023\/09\/pineappleSQUARE.png\",\"width\":450,\"height\":450,\"caption\":\"USC-Huntington Early Modern Studies Institute\"},\"image\":{\"@id\":\"https:\/\/dornsife.usc.edu\/emsi\/#\/schema\/logo\/image\/\"}}]}<\/script>\n<!-- \/ Yoast SEO plugin. -->","yoast_head_json":{"title":"Past Co-Sponsored Events - USC-Huntington Early Modern Studies Institute","robots":{"index":"index","follow":"follow","max-snippet":"max-snippet:-1","max-image-preview":"max-image-preview:large","max-video-preview":"max-video-preview:-1"},"canonical":"https:\/\/dornsife.usc.edu\/emsi\/past-special-events\/","og_locale":"en_US","og_type":"article","og_title":"Past Co-Sponsored Events - USC-Huntington Early Modern Studies Institute","og_url":"https:\/\/dornsife.usc.edu\/emsi\/past-special-events\/","og_site_name":"USC-Huntington Early Modern Studies Institute","article_modified_time":"2025-08-25T22:08:39+00:00","og_image":[{"width":768,"height":349,"url":"https:\/\/dornsife.usc.edu\/emsi\/wp-content\/uploads\/sites\/66\/2025\/08\/EMSI-FY-26-Banner-Vallard_Atlas_28-768x349.png","type":"image\/png"}],"twitter_card":"summary_large_image","schema":{"@context":"https:\/\/schema.org","@graph":[{"@type":"WebPage","@id":"https:\/\/dornsife.usc.edu\/emsi\/past-special-events\/","url":"https:\/\/dornsife.usc.edu\/emsi\/past-special-events\/","name":"Past Co-Sponsored Events - USC-Huntington Early Modern Studies Institute","isPartOf":{"@id":"https:\/\/dornsife.usc.edu\/emsi\/#website"},"primaryImageOfPage":{"@id":"https:\/\/dornsife.usc.edu\/emsi\/past-special-events\/#primaryimage"},"image":{"@id":"https:\/\/dornsife.usc.edu\/emsi\/past-special-events\/#primaryimage"},"thumbnailUrl":"https:\/\/dornsife.usc.edu\/emsi\/wp-content\/uploads\/sites\/66\/2025\/08\/EMSI-FY-26-Banner-Vallard_Atlas_28.png","datePublished":"2024-02-09T21:52:05+00:00","dateModified":"2025-08-25T22:08:39+00:00","breadcrumb":{"@id":"https:\/\/dornsife.usc.edu\/emsi\/past-special-events\/#breadcrumb"},"inLanguage":"en-US","potentialAction":[{"@type":"ReadAction","target":["https:\/\/dornsife.usc.edu\/emsi\/past-special-events\/"]}]},{"@type":"ImageObject","inLanguage":"en-US","@id":"https:\/\/dornsife.usc.edu\/emsi\/past-special-events\/#primaryimage","url":"https:\/\/dornsife.usc.edu\/emsi\/wp-content\/uploads\/sites\/66\/2025\/08\/EMSI-FY-26-Banner-Vallard_Atlas_28.png","contentUrl":"https:\/\/dornsife.usc.edu\/emsi\/wp-content\/uploads\/sites\/66\/2025\/08\/EMSI-FY-26-Banner-Vallard_Atlas_28.png","width":1350,"height":614,"caption":"detail from Vallard Atlas"},{"@type":"BreadcrumbList","@id":"https:\/\/dornsife.usc.edu\/emsi\/past-special-events\/#breadcrumb","itemListElement":[{"@type":"ListItem","position":1,"name":"Home","item":"https:\/\/dornsife.usc.edu\/emsi\/"},{"@type":"ListItem","position":2,"name":"Past Co-Sponsored Events"}]},{"@type":"WebSite","@id":"https:\/\/dornsife.usc.edu\/emsi\/#website","url":"https:\/\/dornsife.usc.edu\/emsi\/","name":"USC-Huntington Early Modern Studies Institute","description":"Supporting advanced research of the early modern period.","publisher":{"@id":"https:\/\/dornsife.usc.edu\/emsi\/#organization"},"potentialAction":[{"@type":"SearchAction","target":{"@type":"EntryPoint","urlTemplate":"https:\/\/dornsife.usc.edu\/emsi\/?s={search_term_string}"},"query-input":{"@type":"PropertyValueSpecification","valueRequired":true,"valueName":"search_term_string"}}],"inLanguage":"en-US"},{"@type":"Organization","@id":"https:\/\/dornsife.usc.edu\/emsi\/#organization","name":"USC-Huntington Early Modern Studies Institute","url":"https:\/\/dornsife.usc.edu\/emsi\/","logo":{"@type":"ImageObject","inLanguage":"en-US","@id":"https:\/\/dornsife.usc.edu\/emsi\/#\/schema\/logo\/image\/","url":"https:\/\/dornsife.usc.edu\/emsi\/wp-content\/uploads\/sites\/66\/2023\/09\/pineappleSQUARE.png","contentUrl":"https:\/\/dornsife.usc.edu\/emsi\/wp-content\/uploads\/sites\/66\/2023\/09\/pineappleSQUARE.png","width":450,"height":450,"caption":"USC-Huntington Early Modern Studies Institute"},"image":{"@id":"https:\/\/dornsife.usc.edu\/emsi\/#\/schema\/logo\/image\/"}}]}},"_links":{"self":[{"href":"https:\/\/dornsife.usc.edu\/emsi\/wp-json\/wp\/v2\/pages\/5012","targetHints":{"allow":["GET"]}}],"collection":[{"href":"https:\/\/dornsife.usc.edu\/emsi\/wp-json\/wp\/v2\/pages"}],"about":[{"href":"https:\/\/dornsife.usc.edu\/emsi\/wp-json\/wp\/v2\/types\/page"}],"author":[{"embeddable":true,"href":"https:\/\/dornsife.usc.edu\/emsi\/wp-json\/wp\/v2\/users\/608"}],"replies":[{"embeddable":true,"href":"https:\/\/dornsife.usc.edu\/emsi\/wp-json\/wp\/v2\/comments?post=5012"}],"version-history":[{"count":27,"href":"https:\/\/dornsife.usc.edu\/emsi\/wp-json\/wp\/v2\/pages\/5012\/revisions"}],"predecessor-version":[{"id":8755,"href":"https:\/\/dornsife.usc.edu\/emsi\/wp-json\/wp\/v2\/pages\/5012\/revisions\/8755"}],"wp:featuredmedia":[{"embeddable":true,"href":"https:\/\/dornsife.usc.edu\/emsi\/wp-json\/wp\/v2\/media\/8640"}],"wp:attachment":[{"href":"https:\/\/dornsife.usc.edu\/emsi\/wp-json\/wp\/v2\/media?parent=5012"}],"curies":[{"name":"wp","href":"https:\/\/api.w.org\/{rel}","templated":true}]}}