{"id":174,"date":"2024-07-19T14:12:12","date_gmt":"2024-07-19T21:12:12","guid":{"rendered":"https:\/\/dornsife.usc.edu\/deamn25\/?page_id=174"},"modified":"2025-06-03T14:22:48","modified_gmt":"2025-06-03T21:22:48","slug":"speakers-and-schedule","status":"publish","type":"page","link":"https:\/\/dornsife.usc.edu\/deamn25\/speakers-and-schedule\/","title":{"rendered":"\u00a0Speakers and Schedule\u00a0\u00a0"},"content":{"rendered":"\n\n  \n    \n\n\n\n\n\n\n<div\n  class=\"cc--component-container cc--rich-text \"\n\n  \n  \n  \n  \n  \n  \n  >\n  <div class=\"c--component c--rich-text\"\n    \n      >\n\n    \n      \n<div class=\"f--field f--wysiwyg\">\n\n    \n  <p><img loading=\"lazy\" decoding=\"async\" class=\"aligncenter wp-image-191 size-full\" src=\"https:\/\/dornsife.usc.edu\/deamn25\/wp-content\/uploads\/sites\/449\/2024\/07\/43p.jpg\" alt=\"Closeup of door to the monastery\" width=\"800\" height=\"200\" srcset=\"https:\/\/dornsife.usc.edu\/deamn25\/wp-content\/uploads\/sites\/449\/2024\/07\/43p.jpg 800w, https:\/\/dornsife.usc.edu\/deamn25\/wp-content\/uploads\/sites\/449\/2024\/07\/43p-300x75.jpg 300w, https:\/\/dornsife.usc.edu\/deamn25\/wp-content\/uploads\/sites\/449\/2024\/07\/43p-768x192.jpg 768w\" sizes=\"(max-width: 800px) 100vw, 800px\" \/><\/p>\n<h5 style=\"text-align: center;\"><em>Arrival: May 21, departure: May 27, scientific program: May 22-26<\/em><\/h5>\n<h3><\/h3>\n<p>&nbsp;<\/p>\n<h3><a href=\"https:\/\/dornsife.usc.edu\/deamn25\/wp-content\/uploads\/sites\/449\/2025\/05\/DEAMN25-schedule-12-5-2025.pdf\"><span style=\"color: #0000ff;\">Link to the schedule<\/span><\/a><\/h3>\n<h3><a href=\"https:\/\/dornsife.usc.edu\/deamn25\/wp-content\/uploads\/sites\/449\/2025\/05\/DEAMN25__program-low_resolution.pdf\" target=\"_blank\" rel=\"noopener\"><span style=\"color: #175959;\">Full program with abstracts<\/span><\/a><\/h3>\n<p>&nbsp;<\/p>\n<hr \/>\n<p>&nbsp;<\/p>\n<h2>Invited Speakers<\/h2>\n<table border=\"1\">\n<tbody>\n<tr>\n<td><a href=\"https:\/\/www.ru.nl\/en\/people\/bakker-j\" target=\"_blank\" rel=\"noopener\">Joost Bakker (Radboud University)<\/a><\/td>\n<td>The influence of doping on the reactivity of metal clusters<\/td>\n<\/tr>\n<tr>\n<td>\u00a0<a href=\"https:\/\/bieskegroup.wordpress.com\/bieske\/\" target=\"_blank\" rel=\"noopener\">Evan Bieske (The University of Melbourne)<\/a><\/td>\n<td>Spectroscopy and dynamics of charged carbon rings and fullerenes<\/td>\n<\/tr>\n<tr>\n<td><a href=\"https:\/\/scholar.google.com\/citations?hl=en&amp;user=1Ia78MsAAAAJ&amp;view_op=list_works&amp;sortby=pubdate\" target=\"_blank\" rel=\"noopener\"> Bryan Changala (JILA, Boulder)\u00a0 <\/a><\/td>\n<td>Single-quantum-state control, structure, and dynamics of large molecular systems with precision light-matter probes<\/td>\n<\/tr>\n<tr>\n<td><a href=\"https:\/\/www.jh-inst.cas.cz\/jh_employee\/farnik\" target=\"_blank\" rel=\"noopener\">Michal F\u00e1rn\u00edk (Heyrovsk\u00fd Institute of Physical Chemistry)\u00a0 <\/a><\/td>\n<td>Electron attachment to pure and doped PAH clusters<\/td>\n<\/tr>\n<tr>\n<td><a href=\"https:\/\/www.jh-inst.cas.cz\/index.php\/jh_employee\/fedor-0\" target=\"_blank\" rel=\"noopener\">Juraj Fedor (Heyrovsk\u00fd Institute of Physical Chemistry)\u00a0<\/a><\/td>\n<td>Autodetachment from electron-molecule resonances: statistical vs. non-statistical processes<\/td>\n<\/tr>\n<tr>\n<td>\u00a0<span style=\"color: #006666; font-family: Georgia, Times New Roman, Times, serif;\"><a href=\"https:\/\/www.ru.nl\/en\/people\/ferrari-ramirez-p\" target=\"_blank\" rel=\"noopener\">Piero Ferrari (Radboud University) <\/a><\/span><\/td>\n<td>Far-infrared spectroscopy of gas-phase neutral molecules for astrochemistry research<\/td>\n<\/tr>\n<tr>\n<td><small><a href=\"https:\/\/xray.cfel.de\/team\/group_lead\/prof_tais_gorkhover\/\" target=\"_blank\" rel=\"noopener\"> Tais Gorkhover (University of Hamburg)\u00a0<\/a><\/small><\/td>\n<td>X-ray imaging at the nanoscale with attosecond time resolution<\/td>\n<\/tr>\n<tr>\n<td>\u00a0<a href=\"https:\/\/www.uibk.ac.at\/de\/ionen-angewandte-physik\/nanobio\/mitarbeiterinnen\/gruber\/\" target=\"_blank\" rel=\"noopener\"> Elisabeth Gruber (University of Innsbruck) <\/a><\/td>\n<td><span class=\"fontstyle0\">New frontiers in cold ion spectroscopy and ion storage using multiply charged helium nanodroplets<\/span><\/td>\n<\/tr>\n<tr>\n<td style=\"width: 457.433px;\"><a href=\"https:\/\/cluster.physik.uni-freiburg.de\/\" target=\"_blank\" rel=\"noopener\"> Bernd von Issendorff (University of Freiburg)\u00a0 <\/a><\/td>\n<td style=\"width: 505.567px;\"><span class=\"fontstyle0\">High resolution photoelectron spectroscopy on simple and not so simple metal clusters<\/span><\/td>\n<\/tr>\n<tr>\n<td><a href=\"https:\/\/chemistry.oregonstate.edu\/directory\/wei-kong\" target=\"_blank\" rel=\"noopener\">Wei Kong (Oregon State University)<\/a><\/td>\n<td>Unraveling the detailed expansion mechanism of nanoclusters in intense and moderately intense laser fields<\/td>\n<\/tr>\n<tr>\n<td>\u00a0<a href=\"https:\/\/www.fhi.mpg.de\/275983\/People\" target=\"_blank\" rel=\"noopener\">JuHyeon Lee (Fritz Haber Institute)<\/a><\/td>\n<td>Towards full quantum state control of chiral molecules<\/td>\n<\/tr>\n<tr>\n<td>\u00a0<a href=\"https:\/\/ist.ac.at\/en\/research\/physical-sciences\/lemeshko-group\/\" target=\"_blank\" rel=\"noopener\"> Mikhail Lemeshko (Institute of Science &amp; Technology Austria) <\/a><\/td>\n<td>Molecules rotating in solids: polaron models for lead-halide perovskites<\/td>\n<\/tr>\n<tr>\n<td>\u00a0<a href=\"http:\/\/pure.au.dk\/portal\/en\/persons\/id%2834c6c41f-8478-4e23-8fc6-accb5c6b2901%29.html\" target=\"_blank\" rel=\"noopener\"> Marcel Mudrich (University of Kassel)<\/a><\/td>\n<td>Indirect interatomic decay of XUV-ionized He nanodroplets<\/td>\n<\/tr>\n<tr>\n<td>\u00a0<a href=\"https:\/\/chem.rptu.de\/ags\/ag-clusterchemie-dynamik\/die-gruppe\/prof-dr-gereon-niedner-schatteburg\" target=\"_blank\" rel=\"noopener\"> Gereon Niedner-Schatteburg (University of Kaiserslautern) <\/a><\/td>\n<td>Morphology and activity of size selected transition metal clusters<\/td>\n<\/tr>\n<tr>\n<td>\u00a0<a href=\"https:\/\/scholar.google.com\/citations?user=G82Y0NEAAAAJ&amp;hl=fr\" target=\"_blank\" rel=\"noopener\"> Sebastian Pedalino (University of Vienna)<\/a><\/td>\n<td>Advancements in matter-wave interferometry: From molecules to nanoparticles<\/td>\n<\/tr>\n<tr>\n<td>\u00a0<a href=\"https:\/\/sites.google.com\/asu.edu\/sayreslab\/group\" target=\"_blank\" rel=\"noopener\">Scott Sayres (Arizona State University) <\/a><\/td>\n<td>Developing predictive capabilities for the ultrafast relaxation and recombination dynamics of metal (oxide) clusters<\/td>\n<\/tr>\n<tr>\n<td>\u00a0<small><a href=\"https:\/\/www.chemie.tu-darmstadt.de\/schaefer\/ak_schaefer\/index.en.jsp\" target=\"_blank\" rel=\"noopener\"> Rolf Sch\u00e4fer (Technical University of Darmstadt) <\/a><\/small><\/td>\n<td>The effect of symmetry, vibrational excitation, spin-orbit coupling and hyperfine interaction on electron spin dynamics probed by magnetic deflection experiments<\/td>\n<\/tr>\n<tr>\n<td><small><small><a href=\"https:\/\/www.cluster-nano.physik.uni-rostock.de\/pd-dr-josef-tiggesbaeumker\/\" target=\"_blank\" rel=\"noopener\">Josef Tiggesb\u00e4umker (University of Rostock)\u00a0<\/a><\/small><\/small><\/td>\n<td>Nanoplasma dynamics of size-selected silver metal clusters<\/td>\n<\/tr>\n<tr>\n<td><a href=\"https:\/\/vivo.brown.edu\/display\/lw28\" target=\"_blank\" rel=\"noopener\">Lai-Sheng Wang (Brown University)<\/a><\/td>\n<td>Probing the structures and chemical bonding of boron clusters<\/td>\n<\/tr>\n<tr>\n<td>\u00a0<a href=\"https:\/\/www.su.se\/english\/profiles\/henning-1.186649\" target=\"_blank\" rel=\"noopener\"> Henning Zettergren (Stockholm University)<\/a><\/td>\n<td>Mutual neutralization in low-energy ion-pair collisions<\/td>\n<\/tr>\n<\/tbody>\n<\/table>\n<p>&nbsp;<\/p>\n<h2><\/h2>\n<h2>&#8220;Hot topic&#8221; talks<\/h2>\n<table style=\"height: 463px; width: 729px;\" border=\"1\">\n<tbody>\n<tr style=\"height: 48px;\">\n<td style=\"width: 295px; height: 48px;\"><span class=\"fontstyle0\">Bruno Credidio <\/span>(Fritz Haber Institute)<\/td>\n<td style=\"width: 434px; height: 48px;\"><span class=\"fontstyle0\">Photoelectron spectroscopy and molecular beam scattering from liquid water flatjets<\/span><\/td>\n<\/tr>\n<tr style=\"height: 27px;\">\n<td style=\"width: 295px; height: 27px;\">Iden <span data-olk-copy-source=\"MessageBody\">Djavani-Tabrizi<\/span> (Aarhus University)<\/td>\n<td style=\"width: 434px; height: 27px;\">Freezing out structural effects: Gas-phase fluorescence from rhodamine homodimers and trimers at cryogenic temperatures<\/td>\n<\/tr>\n<tr style=\"height: 52px;\">\n<td style=\"width: 295px; height: 52px;\"><span class=\"fontstyle0\">Olga Duda<\/span> (Radboud University)<\/td>\n<td style=\"width: 434px; height: 52px;\"><span class=\"fontstyle0\">Probing the fate of vibrational excitation in small molecules<\/span><\/td>\n<\/tr>\n<tr style=\"height: 48px;\">\n<td style=\"width: 295px; height: 48px;\"><span data-olk-copy-source=\"MessageBody\">Jozef<\/span> <span data-olk-copy-source=\"MessageBody\">\u010eurana <\/span>(Heyrovsk\u00fd Institute)<\/td>\n<td style=\"width: 434px; height: 48px;\"><span class=\"fontstyle0\">\u201cMagic numbers\u201d in naphthalene and cyanonaphthalene-water clusters<\/span><\/td>\n<\/tr>\n<tr style=\"height: 24px;\">\n<td style=\"width: 295px; height: 24px;\"><span data-olk-copy-source=\"MessageBody\">Florian<\/span> <span data-olk-copy-source=\"MessageBody\">Foitzik<\/span> (University of Innsbruck)<\/td>\n<td style=\"width: 434px; height: 24px;\"><span class=\"fontstyle0\">Dicationic atomic and molecular clusters: How to form and stabilize them in helium nanodroplets<\/span><\/td>\n<\/tr>\n<tr style=\"height: 48px;\">\n<td style=\"width: 295px; height: 48px;\"><span data-olk-copy-source=\"MessageBody\">Rasoul<\/span>\u00a0<span data-olk-copy-source=\"MessageBody\">Hashemi (<\/span>University of Gothenburg )<\/td>\n<td style=\"width: 434px; height: 48px;\"><span class=\"fontstyle0\">Dust grain collisions in interstellar medium<\/span><\/td>\n<\/tr>\n<tr style=\"height: 48px;\">\n<td style=\"width: 295px; height: 48px;\">Mikhail Maslov (Institute of Science &amp; Technology Austria)<\/td>\n<td style=\"width: 434px; height: 48px;\"><span class=\"fontstyle0\">Theory of angular momentum transfer from light to molecules<\/span><\/td>\n<\/tr>\n<tr style=\"height: 24px;\">\n<td style=\"width: 295px; height: 24px;\"><span data-olk-copy-source=\"MessageBody\">Chase Rotteger (Arizona State University)<\/span><\/td>\n<td style=\"width: 434px; height: 24px;\">Oxidation and spin effects on the sub-picosecond ultraviolet relaxation dynamics of neutral copper oxide clusters<\/td>\n<\/tr>\n<tr>\n<td style=\"width: 295px;\" width=\"147\">Niklas Scheel (Aarhus University)<\/td>\n<td style=\"width: 434px;\"><span class=\"fontstyle0\"> XUV photoionization of microhydrated biomolecules<br \/>\n<\/span><\/td>\n<\/tr>\n<tr style=\"height: 48px;\">\n<td style=\"width: 295px; height: 48px;\"><span data-olk-copy-source=\"MessageBody\">Audrey <\/span><span data-olk-copy-source=\"MessageBody\">Scognamiglio<\/span> (<span class=\"fontstyle0\">Universit\u00e9 Paris-Saclay<\/span>)<\/td>\n<td style=\"width: 434px; height: 48px;\"><span class=\"fontstyle0\">High-resolution structure and energetics of the DABCO molecule attached to clusters for modelling energy transport in matter<\/span><\/td>\n<\/tr>\n<tr style=\"height: 48px;\">\n<td style=\"width: 295px; height: 48px;\">Atef Sheekhoon (University of Southern California)<\/td>\n<td style=\"width: 434px; height: 48px;\">Unveiling electronic-structural interplay in metal nanoclusters via accurate measurements of temperature-dependent ionization energies<\/td>\n<\/tr>\n<tr style=\"height: 24px;\">\n<td style=\"width: 295px; height: 24px;\"><span class=\"fontstyle0\">Ivo Vinkl\u00e1rek<\/span> (DESY)<\/td>\n<td style=\"width: 434px; height: 24px;\"><span class=\"fontstyle0\">Comprehensive insights into the initial dynamics of ionized water dimers<\/span><\/td>\n<\/tr>\n<tr style=\"height: 24px;\">\n<td style=\"width: 295px; height: 24px;\">Anne Zehnacker ( <span class=\"fontstyle0\">Universit\u00e9 Paris-Saclay<\/span>)<\/td>\n<td style=\"width: 434px; height: 24px;\"><span class=\"fontstyle0\">Conformer-selective photoelectron circular dichroism<\/span><\/td>\n<\/tr>\n<\/tbody>\n<\/table>\n\n\n\n<\/div>\n\n\n  <\/div><\/div>\n","protected":false},"excerpt":{"rendered":"","protected":false},"author":17,"featured_media":0,"parent":0,"menu_order":0,"comment_status":"closed","ping_status":"closed","template":"page-content-detail.php","meta":{"_acf_changed":false,"footnotes":""},"class_list":["post-174","page","type-page","status-publish","hentry"],"acf":[],"yoast_head":"<!-- This site is optimized with the Yoast SEO plugin v27.1.1 - https:\/\/yoast.com\/product\/yoast-seo-wordpress\/ -->\n<title>\u00a0Speakers and Schedule\u00a0\u00a0 - Dynamics of Electrons in Atomic and Molecular Nanoclusters (2025)<\/title>\n<meta name=\"robots\" content=\"index, follow, max-snippet:-1, max-image-preview:large, max-video-preview:-1\" \/>\n<link rel=\"canonical\" href=\"https:\/\/dornsife.usc.edu\/deamn25\/speakers-and-schedule\/\" \/>\n<meta property=\"og:locale\" content=\"en_US\" \/>\n<meta property=\"og:type\" content=\"article\" \/>\n<meta property=\"og:title\" content=\"\u00a0Speakers and Schedule\u00a0\u00a0 - Dynamics of Electrons in Atomic and Molecular Nanoclusters (2025)\" \/>\n<meta property=\"og:url\" content=\"https:\/\/dornsife.usc.edu\/deamn25\/speakers-and-schedule\/\" \/>\n<meta property=\"og:site_name\" content=\"Dynamics of Electrons in Atomic and Molecular Nanoclusters (2025)\" \/>\n<meta property=\"article:modified_time\" content=\"2025-06-03T21:22:48+00:00\" \/>\n<meta name=\"twitter:card\" content=\"summary_large_image\" \/>\n<script type=\"application\/ld+json\" class=\"yoast-schema-graph\">{\"@context\":\"https:\/\/schema.org\",\"@graph\":[{\"@type\":\"WebPage\",\"@id\":\"https:\/\/dornsife.usc.edu\/deamn25\/speakers-and-schedule\/\",\"url\":\"https:\/\/dornsife.usc.edu\/deamn25\/speakers-and-schedule\/\",\"name\":\"\u00a0Speakers and Schedule\u00a0\u00a0 - Dynamics of Electrons in Atomic and Molecular Nanoclusters (2025)\",\"isPartOf\":{\"@id\":\"https:\/\/dornsife.usc.edu\/deamn25\/#website\"},\"datePublished\":\"2024-07-19T21:12:12+00:00\",\"dateModified\":\"2025-06-03T21:22:48+00:00\",\"breadcrumb\":{\"@id\":\"https:\/\/dornsife.usc.edu\/deamn25\/speakers-and-schedule\/#breadcrumb\"},\"inLanguage\":\"en-US\",\"potentialAction\":[{\"@type\":\"ReadAction\",\"target\":[\"https:\/\/dornsife.usc.edu\/deamn25\/speakers-and-schedule\/\"]}]},{\"@type\":\"BreadcrumbList\",\"@id\":\"https:\/\/dornsife.usc.edu\/deamn25\/speakers-and-schedule\/#breadcrumb\",\"itemListElement\":[{\"@type\":\"ListItem\",\"position\":1,\"name\":\"Home\",\"item\":\"https:\/\/dornsife.usc.edu\/deamn25\/\"},{\"@type\":\"ListItem\",\"position\":2,\"name\":\"\u00a0Speakers and Schedule\u00a0\u00a0\"}]},{\"@type\":\"WebSite\",\"@id\":\"https:\/\/dornsife.usc.edu\/deamn25\/#website\",\"url\":\"https:\/\/dornsife.usc.edu\/deamn25\/\",\"name\":\"Dynamics of Electrons in Atomic and Molecular Nanoclusters (2025)\",\"description\":\"USC Dornsife Dynamics of Electrons in Atomic and Molecular Nanoclusters\",\"potentialAction\":[{\"@type\":\"SearchAction\",\"target\":{\"@type\":\"EntryPoint\",\"urlTemplate\":\"https:\/\/dornsife.usc.edu\/deamn25\/?s={search_term_string}\"},\"query-input\":{\"@type\":\"PropertyValueSpecification\",\"valueRequired\":true,\"valueName\":\"search_term_string\"}}],\"inLanguage\":\"en-US\"}]}<\/script>\n<!-- \/ Yoast SEO plugin. -->","yoast_head_json":{"title":"\u00a0Speakers and Schedule\u00a0\u00a0 - Dynamics of Electrons in Atomic and Molecular Nanoclusters (2025)","robots":{"index":"index","follow":"follow","max-snippet":"max-snippet:-1","max-image-preview":"max-image-preview:large","max-video-preview":"max-video-preview:-1"},"canonical":"https:\/\/dornsife.usc.edu\/deamn25\/speakers-and-schedule\/","og_locale":"en_US","og_type":"article","og_title":"\u00a0Speakers and Schedule\u00a0\u00a0 - Dynamics of Electrons in Atomic and Molecular Nanoclusters (2025)","og_url":"https:\/\/dornsife.usc.edu\/deamn25\/speakers-and-schedule\/","og_site_name":"Dynamics of Electrons in Atomic and Molecular Nanoclusters (2025)","article_modified_time":"2025-06-03T21:22:48+00:00","twitter_card":"summary_large_image","schema":{"@context":"https:\/\/schema.org","@graph":[{"@type":"WebPage","@id":"https:\/\/dornsife.usc.edu\/deamn25\/speakers-and-schedule\/","url":"https:\/\/dornsife.usc.edu\/deamn25\/speakers-and-schedule\/","name":"\u00a0Speakers and Schedule\u00a0\u00a0 - Dynamics of Electrons in Atomic and Molecular Nanoclusters (2025)","isPartOf":{"@id":"https:\/\/dornsife.usc.edu\/deamn25\/#website"},"datePublished":"2024-07-19T21:12:12+00:00","dateModified":"2025-06-03T21:22:48+00:00","breadcrumb":{"@id":"https:\/\/dornsife.usc.edu\/deamn25\/speakers-and-schedule\/#breadcrumb"},"inLanguage":"en-US","potentialAction":[{"@type":"ReadAction","target":["https:\/\/dornsife.usc.edu\/deamn25\/speakers-and-schedule\/"]}]},{"@type":"BreadcrumbList","@id":"https:\/\/dornsife.usc.edu\/deamn25\/speakers-and-schedule\/#breadcrumb","itemListElement":[{"@type":"ListItem","position":1,"name":"Home","item":"https:\/\/dornsife.usc.edu\/deamn25\/"},{"@type":"ListItem","position":2,"name":"\u00a0Speakers and Schedule\u00a0\u00a0"}]},{"@type":"WebSite","@id":"https:\/\/dornsife.usc.edu\/deamn25\/#website","url":"https:\/\/dornsife.usc.edu\/deamn25\/","name":"Dynamics of Electrons in Atomic and Molecular Nanoclusters (2025)","description":"USC Dornsife Dynamics of Electrons in Atomic and Molecular Nanoclusters","potentialAction":[{"@type":"SearchAction","target":{"@type":"EntryPoint","urlTemplate":"https:\/\/dornsife.usc.edu\/deamn25\/?s={search_term_string}"},"query-input":{"@type":"PropertyValueSpecification","valueRequired":true,"valueName":"search_term_string"}}],"inLanguage":"en-US"}]}},"_links":{"self":[{"href":"https:\/\/dornsife.usc.edu\/deamn25\/wp-json\/wp\/v2\/pages\/174","targetHints":{"allow":["GET"]}}],"collection":[{"href":"https:\/\/dornsife.usc.edu\/deamn25\/wp-json\/wp\/v2\/pages"}],"about":[{"href":"https:\/\/dornsife.usc.edu\/deamn25\/wp-json\/wp\/v2\/types\/page"}],"author":[{"embeddable":true,"href":"https:\/\/dornsife.usc.edu\/deamn25\/wp-json\/wp\/v2\/users\/17"}],"replies":[{"embeddable":true,"href":"https:\/\/dornsife.usc.edu\/deamn25\/wp-json\/wp\/v2\/comments?post=174"}],"version-history":[{"count":50,"href":"https:\/\/dornsife.usc.edu\/deamn25\/wp-json\/wp\/v2\/pages\/174\/revisions"}],"predecessor-version":[{"id":434,"href":"https:\/\/dornsife.usc.edu\/deamn25\/wp-json\/wp\/v2\/pages\/174\/revisions\/434"}],"wp:attachment":[{"href":"https:\/\/dornsife.usc.edu\/deamn25\/wp-json\/wp\/v2\/media?parent=174"}],"curies":[{"name":"wp","href":"https:\/\/api.w.org\/{rel}","templated":true}]}}