{"id":407,"date":"2024-09-17T13:49:32","date_gmt":"2024-09-17T20:49:32","guid":{"rendered":"https:\/\/dornsife.usc.edu\/childdevelopmentstudy\/?page_id=407"},"modified":"2024-09-17T14:03:40","modified_gmt":"2024-09-17T21:03:40","slug":"sobre-nosotros","status":"publish","type":"page","link":"https:\/\/dornsife.usc.edu\/childdevelopmentstudy\/sobre-nosotros\/","title":{"rendered":"Sobre Nosotros"},"content":{"rendered":"\n\n  \n    \n\n\n\n\n\n\n<div\n  class=\"cc--component-container cc--rich-text \"\n\n  \n  \n  \n  \n  \n  \n  >\n  <div class=\"c--component c--rich-text\"\n    \n      >\n\n    \n      \n<div class=\"f--field f--wysiwyg\">\n\n    \n  <h5 style=\"text-align: right;\"><a class=\"cta-link\" href=\"https:\/\/dornsife.usc.edu\/childdevelopmentstudy\/about\/\"><em>English<\/em><\/a><\/h5>\n\n\n\n<\/div>\n\n\n  <\/div><\/div>\n\n\n\n  \n    \n\n\n\n\n\n\n<div\n  class=\"cc--component-container cc--signup-form \"\n\n  \n  \n  \n  \n  \n  \n  >\n  <div class=\"c--component c--signup-form\"\n    \n      >\n\n    \n<div class=\"text-image-container\">\n  <div class=\"text-container\">\n\n              \n<div class=\"f--field f--section-title\">\n\n    \n  <h2>\n          Nuestro objetivo\n      <\/h2>\n\n\n<\/div>\n    \n              \n<div class=\"f--field f--description\">\n\n    \n  <p class=\"font_7 wixui-rich-text__text\"><span class=\"wixui-rich-text__text\"><span class=\"color_25 wixui-rich-text__text\">El Estudio de Desarrollo Infantil de la USC tiene como objetivo aprender m\u00e1s sobre los efectos de diferentes actividades extra-escolares en el desarrollo del cerebro infantil, el autocontrol y la toma de decisiones.<\/span><\/span><\/p>\n\n\n\n<\/div>\n    \n      <\/div>\n\n      <div class=\"image-container\">\n          \n<div class=\"f--field f--image\">\n\n    \n    \n    \n    \n    \n    \n              \n      <img\n                            data-src=\"https:\/\/dornsife.usc.edu\/childdevelopmentstudy\/wp-content\/uploads\/sites\/439\/2024\/06\/48244572997_df9cee3619_k-e1718907240484-900x600.webp\"\n          data-srcset=\"https:\/\/dornsife.usc.edu\/childdevelopmentstudy\/wp-content\/uploads\/sites\/439\/2024\/06\/48244572997_df9cee3619_k-e1718907240484-1200x800.webp 1200w,https:\/\/dornsife.usc.edu\/childdevelopmentstudy\/wp-content\/uploads\/sites\/439\/2024\/06\/48244572997_df9cee3619_k-e1718907240484-900x600.webp 900w\"          data-sizes=\"(min-width:1024px) 50vw, (min-width:768px) 100vw, 100vw\"          class=\"lazyload\"\n        \n                  alt=\"picture of USC entrance sign\"\n        \n        \n                                      \/>\n\n    \n    \n  \n  \n\n<\/div>\n    <\/div>\n  \n<\/div>\n\n\n  <\/div><\/div>\n\n\n\n\n  \n    \n\n\n\n\n\n\n<div\n  class=\"cc--component-container cc--rich-text \"\n\n  \n  \n  \n  \n  \n  \n  >\n  <div class=\"c--component c--rich-text\"\n    \n      >\n\n    \n      \n<div class=\"f--field f--wysiwyg\">\n\n    \n  <div class=\"\" data-mesh-id=\"comp-l6o345alinlineContent\" data-testid=\"inline-content\">\n<div data-mesh-id=\"comp-l6o345alinlineContent-gridContainer\" data-testid=\"mesh-container-content\">\n<div id=\"comp-l43ol31w\" class=\"HcOXKn c9GqVL QxJLC3 comp-l43ol31w wixui-rich-text\" data-testid=\"richTextElement\">\n<h2><\/h2>\n<h2 class=\"font_7 wixui-rich-text__text\"><span class=\"wixui-rich-text__text\">\u00bfQu\u00e9 implica participar en este estudio?\u200b<\/span><\/h2>\n<ol class=\"font_7 color_25 wixui-rich-text__text\">\n<li class=\"wixui-rich-text__text\">\n<p class=\"font_7 wixui-rich-text__text\"><span class=\"wixui-rich-text__text\"><span class=\"color_25 wixui-rich-text__text\">A los padres se les har\u00e1n algunas preguntas para determinar si su hijo es elegible para el estudio.<\/span><\/span><\/p>\n<\/li>\n<li class=\"wixui-rich-text__text\">\n<p class=\"font_7 wixui-rich-text__text\"><span class=\"wixui-rich-text__text\"><span class=\"color_25 wixui-rich-text__text\">Si su hijo\/a es elegible, programaremos una cita en persona en USC, donde se le pedir\u00e1 a su hijo\/a que complete un estudio de resonancia magn\u00e9tica seguida de una serie de evaluaciones que nos ayudan a medir su desarrollo cognitivo. Esto deber\u00eda durar aproximadamente 2.5-3 horas.\u00a0<\/span><\/span><\/p>\n<\/li>\n<li class=\"wixui-rich-text__text\">\n<p class=\"font_7 wixui-rich-text__text\"><span class=\"wixui-rich-text__text\"><span class=\"color_25 wixui-rich-text__text\">Su hijo ser\u00e1 asignado aleatoriamente (como una loter\u00eda) a un programa extraescolar de m\u00fasica o enriquecimiento general. El programa tendr\u00e1 una duraci\u00f3n de 2 a\u00f1os y proporcionar\u00e1 5-7 horas de actividades cada\u00a0semana.<\/span><\/span><\/p>\n<\/li>\n<li class=\"wixui-rich-text__text\">\n<p class=\"font_7 wixui-rich-text__text\"><span class=\"wixui-rich-text__text\"><span class=\"color_25 wixui-rich-text__text\">Cada 6 meses, se les pedir\u00e1 a los padres que completen una serie de cuestionarios sobre el entorno y el desarrollo de su hijo\/a.<\/span><\/span><\/p>\n<\/li>\n<li class=\"wixui-rich-text__text\">\n<p class=\"font_7 wixui-rich-text__text\"><span class=\"color_25 wixui-rich-text__text\"><span class=\"wixui-rich-text__text\">Un a\u00f1o despu\u00e9s del inicio del programa extraescolar, programaremos una segunda cita a USC donde se le pedir\u00e1 a su hijo que complete el mismo conjunto de evaluaciones cognitivas que en la primera cita para ayudarnos a medir su progreso. No habr\u00e1 resonancia magn\u00e9tica durante esta visita. Esta cita\u00a0deber\u00eda durar aproximadamente 1.5-2 horas.<\/span><\/span><\/p>\n<\/li>\n<li class=\"wixui-rich-text__text\">\n<p class=\"font_7 wixui-rich-text__text\"><span class=\"color_25 wixui-rich-text__text\"><span class=\"wixui-rich-text__text\">Cuando finalice el programa extraescolar 2 a\u00f1os despu\u00e9s, programaremos una tercera cita en la que se le pedir\u00e1 a su hijo que complete el mismo conjunto de evaluaciones cognitivas y un estudio de resonancia magn\u00e9tica para ayudarnos a medir su progreso. Esta cita\u00a0deber\u00eda durar aproximadamente 2.5-3 horas.<\/span><\/span><\/p>\n<\/li>\n<\/ol>\n<\/div>\n<p>&nbsp;<\/p>\n<h2 class=\"font_7 wixui-rich-text__text\"><span class=\"wixui-rich-text__text\">\u00bfQu\u00e9 implica <\/span><span class=\"wixui-rich-text__text\"><span class=\"color_14 wixui-rich-text__text\">los programas extraescolares?<\/span><\/span><\/h2>\n<ol class=\"color_25 font_2 wixui-rich-text__text\">\n<li class=\"wixui-rich-text__text\">\n<p class=\"font_2 wixui-rich-text__text\">Los ni\u00f1os ser\u00e1n asignados para participar en uno de los siguientes programas a travez de una loter\u00eda:<\/p>\n<ul class=\"wixui-rich-text__text\">\n<li class=\"wixui-rich-text__text\">\n<p class=\"font_2 wixui-rich-text__text\"><span class=\"wixui-rich-text__text\"><span class=\"color_25 wixui-rich-text__text\">\u200b<a href=\"https:\/\/www.colburnschool.edu\/community-school\/\">Colburn Escuela Comunitaria<\/a><\/span><\/span><\/p>\n<\/li>\n<li class=\"wixui-rich-text__text\">\n<p class=\"font_2 wixui-rich-text__text\"><a href=\"https:\/\/www.24thstreet.org\/\"><span class=\"wixui-rich-text__text\"><span class=\"color_25 wixui-rich-text__text\">Teatro de la Calle 24<\/span><\/span><\/a><\/p>\n<\/li>\n<\/ul>\n<\/li>\n<li class=\"wixui-rich-text__text\">\n<p class=\"font_2 wixui-rich-text__text\">Los participantes asistir\u00e1n a una clase grupal de una hora dos veces por semana.<\/p>\n<\/li>\n<li class=\"wixui-rich-text__text\">\n<p class=\"font_2 wixui-rich-text__text\">Los participantes tambi\u00e9n recibir\u00e1n entre 30 y 45 minutos de instrucci\u00f3n privada una vez por semana.<\/p>\n<\/li>\n<li class=\"wixui-rich-text__text\">\n<p class=\"font_2 wixui-rich-text__text\">Cada participante ser\u00e1 emparejado con un maestro en pr\u00e1ctica para recibir instrucci\u00f3n privada y coordinar\u00e1 los horarios de las lecciones de acuerdo con la disponibilidad individual.<\/p>\n<\/li>\n<li class=\"wixui-rich-text__text\">\n<p class=\"font_2 wixui-rich-text__text\">El tiempo dedicado al programa cada semana ser\u00e1 de unas 3 horas m\u00e1s sus tareas.<\/p>\n<\/li>\n<\/ol>\n<\/div>\n<\/div>\n\n\n\n<\/div>\n\n\n  <\/div><\/div>\n","protected":false},"excerpt":{"rendered":"","protected":false},"author":180,"featured_media":0,"parent":0,"menu_order":0,"comment_status":"closed","ping_status":"closed","template":"","meta":{"_acf_changed":false,"footnotes":""},"class_list":["post-407","page","type-page","status-publish","hentry"],"acf":[],"yoast_head":"<!-- This site is optimized with the Yoast SEO plugin v27.1.1 - https:\/\/yoast.com\/product\/yoast-seo-wordpress\/ -->\n<title>Sobre Nosotros - Child Development Study<\/title>\n<meta name=\"robots\" content=\"noindex, follow, max-snippet:-1, max-image-preview:large, max-video-preview:-1\" \/>\n<meta property=\"og:locale\" content=\"en_US\" \/>\n<meta property=\"og:type\" content=\"article\" \/>\n<meta property=\"og:title\" content=\"Sobre Nosotros - Child Development Study\" \/>\n<meta property=\"og:url\" content=\"https:\/\/dornsife.usc.edu\/childdevelopmentstudy\/sobre-nosotros\/\" \/>\n<meta property=\"og:site_name\" content=\"Child Development Study\" \/>\n<meta property=\"article:modified_time\" content=\"2024-09-17T21:03:40+00:00\" \/>\n<meta name=\"twitter:card\" content=\"summary_large_image\" \/>\n<script type=\"application\/ld+json\" class=\"yoast-schema-graph\">{\"@context\":\"https:\/\/schema.org\",\"@graph\":[{\"@type\":\"WebPage\",\"@id\":\"https:\/\/dornsife.usc.edu\/childdevelopmentstudy\/sobre-nosotros\/\",\"url\":\"https:\/\/dornsife.usc.edu\/childdevelopmentstudy\/sobre-nosotros\/\",\"name\":\"Sobre Nosotros - Child Development Study\",\"isPartOf\":{\"@id\":\"https:\/\/dornsife.usc.edu\/childdevelopmentstudy\/#website\"},\"datePublished\":\"2024-09-17T20:49:32+00:00\",\"dateModified\":\"2024-09-17T21:03:40+00:00\",\"breadcrumb\":{\"@id\":\"https:\/\/dornsife.usc.edu\/childdevelopmentstudy\/sobre-nosotros\/#breadcrumb\"},\"inLanguage\":\"en-US\",\"potentialAction\":[{\"@type\":\"ReadAction\",\"target\":[\"https:\/\/dornsife.usc.edu\/childdevelopmentstudy\/sobre-nosotros\/\"]}]},{\"@type\":\"BreadcrumbList\",\"@id\":\"https:\/\/dornsife.usc.edu\/childdevelopmentstudy\/sobre-nosotros\/#breadcrumb\",\"itemListElement\":[{\"@type\":\"ListItem\",\"position\":1,\"name\":\"Home\",\"item\":\"https:\/\/dornsife.usc.edu\/childdevelopmentstudy\/\"},{\"@type\":\"ListItem\",\"position\":2,\"name\":\"Sobre Nosotros\"}]},{\"@type\":\"WebSite\",\"@id\":\"https:\/\/dornsife.usc.edu\/childdevelopmentstudy\/#website\",\"url\":\"https:\/\/dornsife.usc.edu\/childdevelopmentstudy\/\",\"name\":\"Child Development Study\",\"description\":\"USC Dornsife  Child Development Study\",\"potentialAction\":[{\"@type\":\"SearchAction\",\"target\":{\"@type\":\"EntryPoint\",\"urlTemplate\":\"https:\/\/dornsife.usc.edu\/childdevelopmentstudy\/?s={search_term_string}\"},\"query-input\":{\"@type\":\"PropertyValueSpecification\",\"valueRequired\":true,\"valueName\":\"search_term_string\"}}],\"inLanguage\":\"en-US\"}]}<\/script>\n<!-- \/ Yoast SEO plugin. -->","yoast_head_json":{"title":"Sobre Nosotros - Child Development Study","robots":{"index":"noindex","follow":"follow","max-snippet":"max-snippet:-1","max-image-preview":"max-image-preview:large","max-video-preview":"max-video-preview:-1"},"og_locale":"en_US","og_type":"article","og_title":"Sobre Nosotros - Child Development Study","og_url":"https:\/\/dornsife.usc.edu\/childdevelopmentstudy\/sobre-nosotros\/","og_site_name":"Child Development Study","article_modified_time":"2024-09-17T21:03:40+00:00","twitter_card":"summary_large_image","schema":{"@context":"https:\/\/schema.org","@graph":[{"@type":"WebPage","@id":"https:\/\/dornsife.usc.edu\/childdevelopmentstudy\/sobre-nosotros\/","url":"https:\/\/dornsife.usc.edu\/childdevelopmentstudy\/sobre-nosotros\/","name":"Sobre Nosotros - Child Development Study","isPartOf":{"@id":"https:\/\/dornsife.usc.edu\/childdevelopmentstudy\/#website"},"datePublished":"2024-09-17T20:49:32+00:00","dateModified":"2024-09-17T21:03:40+00:00","breadcrumb":{"@id":"https:\/\/dornsife.usc.edu\/childdevelopmentstudy\/sobre-nosotros\/#breadcrumb"},"inLanguage":"en-US","potentialAction":[{"@type":"ReadAction","target":["https:\/\/dornsife.usc.edu\/childdevelopmentstudy\/sobre-nosotros\/"]}]},{"@type":"BreadcrumbList","@id":"https:\/\/dornsife.usc.edu\/childdevelopmentstudy\/sobre-nosotros\/#breadcrumb","itemListElement":[{"@type":"ListItem","position":1,"name":"Home","item":"https:\/\/dornsife.usc.edu\/childdevelopmentstudy\/"},{"@type":"ListItem","position":2,"name":"Sobre Nosotros"}]},{"@type":"WebSite","@id":"https:\/\/dornsife.usc.edu\/childdevelopmentstudy\/#website","url":"https:\/\/dornsife.usc.edu\/childdevelopmentstudy\/","name":"Child Development Study","description":"USC Dornsife  Child Development Study","potentialAction":[{"@type":"SearchAction","target":{"@type":"EntryPoint","urlTemplate":"https:\/\/dornsife.usc.edu\/childdevelopmentstudy\/?s={search_term_string}"},"query-input":{"@type":"PropertyValueSpecification","valueRequired":true,"valueName":"search_term_string"}}],"inLanguage":"en-US"}]}},"_links":{"self":[{"href":"https:\/\/dornsife.usc.edu\/childdevelopmentstudy\/wp-json\/wp\/v2\/pages\/407","targetHints":{"allow":["GET"]}}],"collection":[{"href":"https:\/\/dornsife.usc.edu\/childdevelopmentstudy\/wp-json\/wp\/v2\/pages"}],"about":[{"href":"https:\/\/dornsife.usc.edu\/childdevelopmentstudy\/wp-json\/wp\/v2\/types\/page"}],"author":[{"embeddable":true,"href":"https:\/\/dornsife.usc.edu\/childdevelopmentstudy\/wp-json\/wp\/v2\/users\/180"}],"replies":[{"embeddable":true,"href":"https:\/\/dornsife.usc.edu\/childdevelopmentstudy\/wp-json\/wp\/v2\/comments?post=407"}],"version-history":[{"count":6,"href":"https:\/\/dornsife.usc.edu\/childdevelopmentstudy\/wp-json\/wp\/v2\/pages\/407\/revisions"}],"predecessor-version":[{"id":423,"href":"https:\/\/dornsife.usc.edu\/childdevelopmentstudy\/wp-json\/wp\/v2\/pages\/407\/revisions\/423"}],"wp:attachment":[{"href":"https:\/\/dornsife.usc.edu\/childdevelopmentstudy\/wp-json\/wp\/v2\/media?parent=407"}],"curies":[{"name":"wp","href":"https:\/\/api.w.org\/{rel}","templated":true}]}}