{"id":7345,"date":"2025-04-24T15:55:29","date_gmt":"2025-04-24T22:55:29","guid":{"rendered":"https:\/\/dornsife.usc.edu\/cagr\/?page_id=7345"},"modified":"2025-04-24T15:55:31","modified_gmt":"2025-04-24T22:55:31","slug":"alexandra-szabo","status":"publish","type":"page","link":"https:\/\/dornsife.usc.edu\/cagr\/profiles\/alexandra-szabo\/","title":{"rendered":"Alexandra Szab\u00f3"},"content":{"rendered":"\n\n\n\n\n  \n    \n\n\n\n\n\n\n<div\n  class=\"cc--component-container cc--scrolling-text-with-image \"\n\n  \n  \n  \n  \n  \n  \n  >\n  <div class=\"c--component c--scrolling-text-with-image\"\n    \n      >\n\n    \n  <div class=\"text-image-container\">\n\n          \n      <div class=\"image-container\">\n            \n<div class=\"f--field f--image\">\n\n    \n    \n    \n    \n    \n    \n              \n      <img decoding=\"async\"\n                            src=\"https:\/\/dornsife.usc.edu\/cagr\/wp-content\/uploads\/sites\/108\/2023\/07\/cagr_szabo.png\"\n                    sizes=\"(min-width:1024px) 50vw, (min-width:768px) 100vw, 100vw\"\n        \n                  alt=\"Headshot of Alexandra Szab\u00f3.\"\n        \n        \n                                      \/>\n\n    \n    \n  \n  \n\n<\/div>\n      <\/div>\n      \n    <div class=\"text-container\">\n  \n                  \n<div class=\"f--field f--eyebrow\">\n\n    \n  <span>Research Fellow<\/span>\n\n\n<\/div>\n        \n                  \n<div class=\"f--field f--section-title\">\n\n    \n  <h2>\n          Alexandra Szab\u00f3\n      <\/h2>\n\n\n<\/div>\n        \n                  \n<div class=\"f--field f--description\">\n\n    \n  <p>2023-2024 Margee and Douglas Greenberg Research Fellow<\/p>\n<p><span style=\"font-weight: 400\">Alexandra Szab\u00f3 is a PhD candidate in History at Brandeis University. Szab\u00f3 earned her BA in American Studies and Pedagogy at the PPKE University in Budapest. She holds two MA degrees \u2013 one in Literary and Cultural Studies from E\u00f6tv\u00f6s Lor\u00e1nd University (ELTE) and the other in History from Central European University.\u00a0<\/span><\/p>\n<p><span style=\"font-weight: 400\">She will be residence for a month during the Spring 2024 semester to conduct research for her dissertation, in which she investigates Hungarian Romani and Jewish women\u2019s experiences of fertility abuses (failed pregnancies, miscarriages, sterilizations, postwar infertility) in the shadow of Nazi persecution. During her time at the Center, Szab\u00f3 will draw on the Holocaust survivor testimonies from the USC Shoah Foundation Visual History Archives (VHA), as well as materials in the Holocaust and Genocide Collection at USC Libraries. In her project, Szab\u00f3 examines these women\u2019s experiences not only during the war but in the years since, analyzing the short and long-term impacts of these abuses and exploring how survivors discuss these experiences \u2013 or not \u2013 after the war, including in the form of survivor testimony.\u00a0<\/span><\/p>\n<p><span style=\"font-weight: 400\">Szab\u00f3 has published research articles, book reviews, and book chapters on topics related to this research, as well as on research about memories of Jewish Budapest before and after the Holocaust. Her work has appeared in <\/span><i><span style=\"font-weight: 400\">Cultural History<\/span><\/i><span style=\"font-weight: 400\">, <\/span><i><span style=\"font-weight: 400\">The Hungarian Holocaust Review<\/span><\/i><span style=\"font-weight: 400\">, <\/span><i><span style=\"font-weight: 400\">European Journal of Women\u2019s Studies<\/span><\/i><span style=\"font-weight: 400\">, among other venues. She has earned numerous fellowships and awards for her research from institutions such as the International Society for Cultural Studies, the Hungarian American Coalition, European Holocaust Research Infrastructure (EHRI), and the Cedars-Sinai Center for Medicine, Holocaust and Genocide Studies. She has also served as an interviewer for the USC Shoah Foundation&#8217;s Last Chance Testimony initiative. <\/span><\/p>\n\n\n\n<\/div>\n      \n          <\/div>\n\n  <\/div>\n\n\n\n  <\/div><\/div>\n\n\n\n\n\n            \n  \n    \n\n\n\n\n\n\n<div\n  class=\"cc--component-container cc--articles-carousel \"\n\n  \n  \n  \n  \n  \n  \n  >\n  <div class=\"c--component c--articles-carousel\"\n    \n      >\n\n    \n<div class=\"inner-wrapper\">\n\n      <div class=\"header-container\">\n\n                  \n<div class=\"f--field f--section-title\">\n\n    \n  <h2>\n          Lectures\n      <\/h2>\n\n\n<\/div>\n                <\/div>\n  \n\n\n  \n  <div class=\"articles-carousel-wrapper\">\n\n  <div class=\"title-controls-container\">\n          <h3>   <\/h3>\n    \n    <div class=\"controls-container\">\n      <button class=\"button-prev\" aria-label=\"Previous Article\">\n        <svg version=\"1.1\" xmlns=\"http:\/\/www.w3.org\/2000\/svg\" xmlns:xlink=\"http:\/\/www.w3.org\/1999\/xlink\"\n        x=\"0px\" y=\"0px\" viewBox=\"0 0 35 35\" enable-background=\"new 0 0 35 35\" xml:space=\"preserve\" width=\"25\" height=\"25\">\n        <polygon fill-rule=\"evenodd\" clip-rule=\"evenodd\" fill=\"#000\" points=\"15.7,27.5 5.7,17.5\n        15.7,7.5 18.7,10.4 13.6,15.4 28.3,15.4 28.3,19.6 13.6,19.6 18.7,24.6 \"\/>\n        <\/svg>\n      <\/button>\n      <button class=\"button-next\" aria-label=\"Next Article\">\n        <svg version=\"1.1\" xmlns=\"http:\/\/www.w3.org\/2000\/svg\" xmlns:xlink=\"http:\/\/www.w3.org\/1999\/xlink\"\nx=\"0px\" y=\"0px\" viewBox=\"0 0 35 35\" enable-background=\"new 0 0 35 35\" xml:space=\"preserve\" width=\"25\" height=\"25\"><polygon fill-rule=\"evenodd\" clip-rule=\"evenodd\" fill=\"#000\" points=\"19.3,27.5 29.3,17.5\n19.3,7.5 16.3,10.4 21.4,15.4 6.7,15.4 6.7,19.6 21.4,19.6 16.3,24.6 \"\/>\n<\/svg>\n\n      <\/button>\n    <\/div>\n\n    <\/div>\n\n\n    <div class=\"swiper\">\n      <div class=\"swiper-wrapper\">\n        \n        \n          <article class=\"swiper-slide card\">\n            <div class=\"card-inner\">\n\n                                        \n                  \n<div class=\"f--field f--image\">\n\n    \n        <a href=\"https:\/\/dornsife.usc.edu\/cagr\/2023\/07\/12\/sterilization-and-castration-abuse-in-nazi-camps-a-case-study-of-hungarian-roma-and-jews\/\"  aria-label=\"Sterilization and Castration Abuse in Nazi Camps: A Case Study of Hungarian Roma and Jews &#8211; Alexandra Szab\u00f3\">\n  \n    \n    \n    \n    \n              \n      <img decoding=\"async\"\n                            src=\"https:\/\/dornsife.usc.edu\/cagr\/wp-content\/uploads\/sites\/108\/2023\/08\/Szabo-lecture-featured-768x432.jpg\"\n          srcset=\"https:\/\/dornsife.usc.edu\/cagr\/wp-content\/uploads\/sites\/108\/2023\/08\/Szabo-lecture-featured-1280x720.jpg 1280w,https:\/\/dornsife.usc.edu\/cagr\/wp-content\/uploads\/sites\/108\/2023\/08\/Szabo-lecture-featured-768x432.jpg 768w\"          sizes=\"(min-width:1024px) 23vw, (min-width:768px) 39vw, 83vw\"\n        \n                  role=\"none\"\n        \n        \n                                      \/>\n\n    \n    \n  \n      <\/a>\n  \n\n<\/div>\n            \n            <div class=\"text-container\">\n                                <h4>\n                                          <a href=\"https:\/\/dornsife.usc.edu\/cagr\/2023\/07\/12\/sterilization-and-castration-abuse-in-nazi-camps-a-case-study-of-hungarian-roma-and-jews\/\" >\n                    \n                      Sterilization and Castration Abuse in Nazi Camps: A Case Study of Hungarian Roma and Jews &#8211; Alexandra Szab\u00f3\n\n                                          <\/a>\n                                      <\/h4>\n              \n              <div class=\"read-more\">\n                \n                                      \n<div class=\"f--field f--link\">\n\n    \n    \n  \n<a \n  class=\"link\"\n  href= https:\/\/dornsife.usc.edu\/cagr\/2023\/07\/12\/sterilization-and-castration-abuse-in-nazi-camps-a-case-study-of-hungarian-roma-and-jews\/\n    aria-label=\"Read Story about Sterilization and Castration Abuse in Nazi Camps: A Case Study of Hungarian Roma and Jews &#8211; Alexandra Szab\u00f3\"  \n>\n    Read Story \n  \n<\/a>\n\n\n<\/div>\n                \n              <\/div>\n\n            <\/div> <!-- .text-container -->\n\n            <div class=\"expand-collapse-controls\">\n              <button class=\"expand-collapse swiper-no-swiping\" aria-label=\"Expand\/Collapse Description\">\n                <svg class=\"expand\" version=\"1.1\" xmlns=\"http:\/\/www.w3.org\/2000\/svg\" xmlns:xlink=\"http:\/\/www.w3.org\/1999\/xlink\" x=\"0px\" y=\"0px\" viewBox=\"0 0 35 35\" enable-background=\"new 0 0 35 35\" xml:space=\"preserve\"><path fill-rule=\"evenodd\" clip-rule=\"evenodd\" fill=\"#000000\" d=\"M28,7v7.9h-2.6l0-3.4l-4.3,4.3c-0.3,0.3-0.6,0.4-0.9,0.4s-0.7-0.1-0.9-0.4c-0.5-0.5-0.5-1.3,0-1.9l4.3-4.3h-3.4V7H28z M7,28v-7.9h2.6v3.4l4.3-4.3c0.5-0.5,1.3-0.5,1.9,0c0.5,0.5,0.5,1.3,0,1.9l-4.3,4.3h3.4V28H7z\"\/><\/svg>\n\n                <svg class=\"collapse\" version=\"1.1\" xmlns=\"http:\/\/www.w3.org\/2000\/svg\" xmlns:xlink=\"http:\/\/www.w3.org\/1999\/xlink\" x=\"0px\" y=\"0px\"\n   viewBox=\"0 0 35 35\" enable-background=\"new 0 0 35 35\" xml:space=\"preserve\">\n  <polygon fill=\"#000\" fill-rule=\"evenodd\" clip-rule=\"evenodd\" points=\"26,10.4 24.6,9 17.5,16.1 10.4,9 9,10.4 16.1,17.5\n  9,24.6 10.4,26 17.5,18.9 24.6,26 26,24.6 18.9,17.5 \"\/>\n  <\/svg>\n\n              <\/button>\n            <\/div> <!-- .expand-collapse-controls -->\n\n            <\/div>\n\n          <\/article>\n\n                        <\/div>\n    <\/div>\n\n  <\/div>\n  \n<\/div>\n\n\n  <\/div><\/div>\n\n\n\n\n\n            \n  \n    \n\n\n\n\n\n\n<div\n  class=\"cc--component-container cc--articles-carousel \"\n\n  \n  \n  \n  \n  \n  \n  >\n  <div class=\"c--component c--articles-carousel\"\n    \n      >\n\n    \n<div class=\"inner-wrapper\">\n\n      <div class=\"header-container\">\n\n                  \n<div class=\"f--field f--section-title\">\n\n    \n  <h2>\n          News\n      <\/h2>\n\n\n<\/div>\n                <\/div>\n  \n\n\n  \n  <div class=\"articles-carousel-wrapper\">\n\n  <div class=\"title-controls-container\">\n          <h3>   <\/h3>\n    \n    <div class=\"controls-container\">\n      <button class=\"button-prev\" aria-label=\"Previous Article\">\n        <svg version=\"1.1\" xmlns=\"http:\/\/www.w3.org\/2000\/svg\" xmlns:xlink=\"http:\/\/www.w3.org\/1999\/xlink\"\n        x=\"0px\" y=\"0px\" viewBox=\"0 0 35 35\" enable-background=\"new 0 0 35 35\" xml:space=\"preserve\" width=\"25\" height=\"25\">\n        <polygon fill-rule=\"evenodd\" clip-rule=\"evenodd\" fill=\"#000\" points=\"15.7,27.5 5.7,17.5\n        15.7,7.5 18.7,10.4 13.6,15.4 28.3,15.4 28.3,19.6 13.6,19.6 18.7,24.6 \"\/>\n        <\/svg>\n      <\/button>\n      <button class=\"button-next\" aria-label=\"Next Article\">\n        <svg version=\"1.1\" xmlns=\"http:\/\/www.w3.org\/2000\/svg\" xmlns:xlink=\"http:\/\/www.w3.org\/1999\/xlink\"\nx=\"0px\" y=\"0px\" viewBox=\"0 0 35 35\" enable-background=\"new 0 0 35 35\" xml:space=\"preserve\" width=\"25\" height=\"25\"><polygon fill-rule=\"evenodd\" clip-rule=\"evenodd\" fill=\"#000\" points=\"19.3,27.5 29.3,17.5\n19.3,7.5 16.3,10.4 21.4,15.4 6.7,15.4 6.7,19.6 21.4,19.6 16.3,24.6 \"\/>\n<\/svg>\n\n      <\/button>\n    <\/div>\n\n    <\/div>\n\n\n    <div class=\"swiper\">\n      <div class=\"swiper-wrapper\">\n        \n        \n          <article class=\"swiper-slide card\">\n            <div class=\"card-inner\">\n\n                                        \n                  \n<div class=\"f--field f--image\">\n\n    \n        <a href=\"https:\/\/dornsife.usc.edu\/cagr\/2023\/07\/07\/alexandra-szabo-awarded-2023-2024-greenberg-research-fellowship\/\"  aria-label=\"Alexandra Szab\u00f3 Awarded 2023-2024 Greenberg Research Fellowship\">\n  \n    \n    \n    \n    \n              \n      <img decoding=\"async\"\n                            src=\"https:\/\/dornsife.usc.edu\/cagr\/wp-content\/uploads\/sites\/108\/2023\/07\/Featured-Image_Alexandra-Szabo-Announcement-768x432.png\"\n          srcset=\"https:\/\/dornsife.usc.edu\/cagr\/wp-content\/uploads\/sites\/108\/2023\/07\/Featured-Image_Alexandra-Szabo-Announcement-1280x720.png 1280w,https:\/\/dornsife.usc.edu\/cagr\/wp-content\/uploads\/sites\/108\/2023\/07\/Featured-Image_Alexandra-Szabo-Announcement-768x432.png 768w\"          sizes=\"(min-width:1024px) 23vw, (min-width:768px) 39vw, 83vw\"\n        \n                  alt=\"Cropped headshot of Alexandra Szabo.\"\n        \n        \n                                      \/>\n\n    \n    \n  \n      <\/a>\n  \n\n<\/div>\n            \n            <div class=\"text-container\">\n                                <h4>\n                                          <a href=\"https:\/\/dornsife.usc.edu\/cagr\/2023\/07\/07\/alexandra-szabo-awarded-2023-2024-greenberg-research-fellowship\/\" >\n                    \n                      Alexandra Szab\u00f3 Awarded 2023-2024 Greenberg Research Fellowship\n\n                                          <\/a>\n                                      <\/h4>\n              \n              <div class=\"read-more\">\n                \n                                      \n<div class=\"f--field f--link\">\n\n    \n    \n  \n<a \n  class=\"link\"\n  href= https:\/\/dornsife.usc.edu\/cagr\/2023\/07\/07\/alexandra-szabo-awarded-2023-2024-greenberg-research-fellowship\/\n    aria-label=\"Read Story about Alexandra Szab\u00f3 Awarded 2023-2024 Greenberg Research Fellowship\"  \n>\n    Read Story \n  \n<\/a>\n\n\n<\/div>\n                \n              <\/div>\n\n            <\/div> <!-- .text-container -->\n\n            <div class=\"expand-collapse-controls\">\n              <button class=\"expand-collapse swiper-no-swiping\" aria-label=\"Expand\/Collapse Description\">\n                <svg class=\"expand\" version=\"1.1\" xmlns=\"http:\/\/www.w3.org\/2000\/svg\" xmlns:xlink=\"http:\/\/www.w3.org\/1999\/xlink\" x=\"0px\" y=\"0px\" viewBox=\"0 0 35 35\" enable-background=\"new 0 0 35 35\" xml:space=\"preserve\"><path fill-rule=\"evenodd\" clip-rule=\"evenodd\" fill=\"#000000\" d=\"M28,7v7.9h-2.6l0-3.4l-4.3,4.3c-0.3,0.3-0.6,0.4-0.9,0.4s-0.7-0.1-0.9-0.4c-0.5-0.5-0.5-1.3,0-1.9l4.3-4.3h-3.4V7H28z M7,28v-7.9h2.6v3.4l4.3-4.3c0.5-0.5,1.3-0.5,1.9,0c0.5,0.5,0.5,1.3,0,1.9l-4.3,4.3h3.4V28H7z\"\/><\/svg>\n\n                <svg class=\"collapse\" version=\"1.1\" xmlns=\"http:\/\/www.w3.org\/2000\/svg\" xmlns:xlink=\"http:\/\/www.w3.org\/1999\/xlink\" x=\"0px\" y=\"0px\"\n   viewBox=\"0 0 35 35\" enable-background=\"new 0 0 35 35\" xml:space=\"preserve\">\n  <polygon fill=\"#000\" fill-rule=\"evenodd\" clip-rule=\"evenodd\" points=\"26,10.4 24.6,9 17.5,16.1 10.4,9 9,10.4 16.1,17.5\n  9,24.6 10.4,26 17.5,18.9 24.6,26 26,24.6 18.9,17.5 \"\/>\n  <\/svg>\n\n              <\/button>\n            <\/div> <!-- .expand-collapse-controls -->\n\n            <\/div>\n\n          <\/article>\n\n                        <\/div>\n    <\/div>\n\n  <\/div>\n  \n<\/div>\n\n\n  <\/div><\/div>\n","protected":false},"excerpt":{"rendered":"","protected":false},"author":686,"featured_media":0,"parent":4384,"menu_order":0,"comment_status":"closed","ping_status":"closed","template":"","meta":{"_acf_changed":false,"footnotes":""},"class_list":["post-7345","page","type-page","status-publish","hentry"],"acf":[],"yoast_head":"<!-- This site is optimized with the Yoast SEO plugin v27.1.1 - https:\/\/yoast.com\/product\/yoast-seo-wordpress\/ -->\n<title>Alexandra Szab\u00f3 - Center for Advanced Genocide Research<\/title>\n<meta name=\"robots\" content=\"index, follow, max-snippet:-1, max-image-preview:large, max-video-preview:-1\" \/>\n<link rel=\"canonical\" href=\"https:\/\/dornsife.usc.edu\/cagr\/profiles\/alexandra-szabo\/\" \/>\n<meta property=\"og:locale\" content=\"en_US\" \/>\n<meta property=\"og:type\" content=\"article\" \/>\n<meta property=\"og:title\" content=\"Alexandra Szab\u00f3 - Center for Advanced Genocide Research\" \/>\n<meta property=\"og:url\" content=\"https:\/\/dornsife.usc.edu\/cagr\/profiles\/alexandra-szabo\/\" \/>\n<meta property=\"og:site_name\" content=\"Center for Advanced Genocide Research\" \/>\n<meta property=\"article:modified_time\" content=\"2025-04-24T22:55:31+00:00\" \/>\n<meta name=\"twitter:card\" content=\"summary_large_image\" \/>\n<script type=\"application\/ld+json\" class=\"yoast-schema-graph\">{\"@context\":\"https:\/\/schema.org\",\"@graph\":[{\"@type\":\"WebPage\",\"@id\":\"https:\/\/dornsife.usc.edu\/cagr\/profiles\/alexandra-szabo\/\",\"url\":\"https:\/\/dornsife.usc.edu\/cagr\/profiles\/alexandra-szabo\/\",\"name\":\"Alexandra Szab\u00f3 - Center for Advanced Genocide Research\",\"isPartOf\":{\"@id\":\"https:\/\/dornsife.usc.edu\/cagr\/#website\"},\"datePublished\":\"2025-04-24T22:55:29+00:00\",\"dateModified\":\"2025-04-24T22:55:31+00:00\",\"breadcrumb\":{\"@id\":\"https:\/\/dornsife.usc.edu\/cagr\/profiles\/alexandra-szabo\/#breadcrumb\"},\"inLanguage\":\"en-US\",\"potentialAction\":[{\"@type\":\"ReadAction\",\"target\":[\"https:\/\/dornsife.usc.edu\/cagr\/profiles\/alexandra-szabo\/\"]}]},{\"@type\":\"BreadcrumbList\",\"@id\":\"https:\/\/dornsife.usc.edu\/cagr\/profiles\/alexandra-szabo\/#breadcrumb\",\"itemListElement\":[{\"@type\":\"ListItem\",\"position\":1,\"name\":\"Home\",\"item\":\"https:\/\/dornsife.usc.edu\/cagr\/\"},{\"@type\":\"ListItem\",\"position\":2,\"name\":\"Profiles\",\"item\":\"https:\/\/dornsife.usc.edu\/cagr\/profiles\/\"},{\"@type\":\"ListItem\",\"position\":3,\"name\":\"Alexandra Szab\u00f3\"}]},{\"@type\":\"WebSite\",\"@id\":\"https:\/\/dornsife.usc.edu\/cagr\/#website\",\"url\":\"https:\/\/dornsife.usc.edu\/cagr\/\",\"name\":\"Center for Advanced Genocide Research\",\"description\":\"USC Dornsife Center for Advanced Genocide Research\",\"potentialAction\":[{\"@type\":\"SearchAction\",\"target\":{\"@type\":\"EntryPoint\",\"urlTemplate\":\"https:\/\/dornsife.usc.edu\/cagr\/?s={search_term_string}\"},\"query-input\":{\"@type\":\"PropertyValueSpecification\",\"valueRequired\":true,\"valueName\":\"search_term_string\"}}],\"inLanguage\":\"en-US\"}]}<\/script>\n<!-- \/ Yoast SEO plugin. -->","yoast_head_json":{"title":"Alexandra Szab\u00f3 - Center for Advanced Genocide Research","robots":{"index":"index","follow":"follow","max-snippet":"max-snippet:-1","max-image-preview":"max-image-preview:large","max-video-preview":"max-video-preview:-1"},"canonical":"https:\/\/dornsife.usc.edu\/cagr\/profiles\/alexandra-szabo\/","og_locale":"en_US","og_type":"article","og_title":"Alexandra Szab\u00f3 - Center for Advanced Genocide Research","og_url":"https:\/\/dornsife.usc.edu\/cagr\/profiles\/alexandra-szabo\/","og_site_name":"Center for Advanced Genocide Research","article_modified_time":"2025-04-24T22:55:31+00:00","twitter_card":"summary_large_image","schema":{"@context":"https:\/\/schema.org","@graph":[{"@type":"WebPage","@id":"https:\/\/dornsife.usc.edu\/cagr\/profiles\/alexandra-szabo\/","url":"https:\/\/dornsife.usc.edu\/cagr\/profiles\/alexandra-szabo\/","name":"Alexandra Szab\u00f3 - Center for Advanced Genocide Research","isPartOf":{"@id":"https:\/\/dornsife.usc.edu\/cagr\/#website"},"datePublished":"2025-04-24T22:55:29+00:00","dateModified":"2025-04-24T22:55:31+00:00","breadcrumb":{"@id":"https:\/\/dornsife.usc.edu\/cagr\/profiles\/alexandra-szabo\/#breadcrumb"},"inLanguage":"en-US","potentialAction":[{"@type":"ReadAction","target":["https:\/\/dornsife.usc.edu\/cagr\/profiles\/alexandra-szabo\/"]}]},{"@type":"BreadcrumbList","@id":"https:\/\/dornsife.usc.edu\/cagr\/profiles\/alexandra-szabo\/#breadcrumb","itemListElement":[{"@type":"ListItem","position":1,"name":"Home","item":"https:\/\/dornsife.usc.edu\/cagr\/"},{"@type":"ListItem","position":2,"name":"Profiles","item":"https:\/\/dornsife.usc.edu\/cagr\/profiles\/"},{"@type":"ListItem","position":3,"name":"Alexandra Szab\u00f3"}]},{"@type":"WebSite","@id":"https:\/\/dornsife.usc.edu\/cagr\/#website","url":"https:\/\/dornsife.usc.edu\/cagr\/","name":"Center for Advanced Genocide Research","description":"USC Dornsife Center for Advanced Genocide Research","potentialAction":[{"@type":"SearchAction","target":{"@type":"EntryPoint","urlTemplate":"https:\/\/dornsife.usc.edu\/cagr\/?s={search_term_string}"},"query-input":{"@type":"PropertyValueSpecification","valueRequired":true,"valueName":"search_term_string"}}],"inLanguage":"en-US"}]}},"_links":{"self":[{"href":"https:\/\/dornsife.usc.edu\/cagr\/wp-json\/wp\/v2\/pages\/7345","targetHints":{"allow":["GET"]}}],"collection":[{"href":"https:\/\/dornsife.usc.edu\/cagr\/wp-json\/wp\/v2\/pages"}],"about":[{"href":"https:\/\/dornsife.usc.edu\/cagr\/wp-json\/wp\/v2\/types\/page"}],"author":[{"embeddable":true,"href":"https:\/\/dornsife.usc.edu\/cagr\/wp-json\/wp\/v2\/users\/686"}],"replies":[{"embeddable":true,"href":"https:\/\/dornsife.usc.edu\/cagr\/wp-json\/wp\/v2\/comments?post=7345"}],"version-history":[{"count":11,"href":"https:\/\/dornsife.usc.edu\/cagr\/wp-json\/wp\/v2\/pages\/7345\/revisions"}],"predecessor-version":[{"id":10441,"href":"https:\/\/dornsife.usc.edu\/cagr\/wp-json\/wp\/v2\/pages\/7345\/revisions\/10441"}],"up":[{"embeddable":true,"href":"https:\/\/dornsife.usc.edu\/cagr\/wp-json\/wp\/v2\/pages\/4384"}],"wp:attachment":[{"href":"https:\/\/dornsife.usc.edu\/cagr\/wp-json\/wp\/v2\/media?parent=7345"}],"curies":[{"name":"wp","href":"https:\/\/api.w.org\/{rel}","templated":true}]}}